{"id":2730,"date":"2014-07-29T11:54:03","date_gmt":"2014-07-29T09:54:03","guid":{"rendered":"http:\/\/www.lacamporena.it\/territorio\/siena\/"},"modified":"2014-10-08T10:22:58","modified_gmt":"2014-10-08T08:22:58","slug":"siena","status":"publish","type":"page","link":"https:\/\/lacamporena.it\/?page_id=2730","title":{"rendered":"Siena"},"content":{"rendered":"<p style=\"text-align: justify;\"><strong>Siena<\/strong> ist eine der sch\u00f6nsten mittelalterlichen St\u00e4dte der Welt, umgeben von den sanften H\u00fcgeln und den &#8220;Crete&#8221; (auf Deutsche &#8220;Lehme&#8221;). In Siena gibt es so viele Reiserouten, aber wir w\u00fcrden Ihnen empfehlen, Ihre Besichtigung im Herzen der Stadt zu beginnen: auf der ber\u00fchmten <strong>Piazza del Campo<\/strong>, die durch ihre spezielle Muschelform auff\u00e4llt und auf der jedes Jahr der legend\u00e4re Palio veranstaltet wird. Der <strong>Palio di Siena<\/strong> findet jedes Jahr am 2. Juli und am 16. August statt und an diesen Tagen wird die Stadt in die alten Stadtbezirke aufgeteilt. Diese jahrhundertealte Tradition besteht dank dem Einsatz und dem Enthusiasmus der B\u00fcrger von Siena bis heute fort.<\/p>\n<p style=\"text-align: justify;\">Direkt an der Piazza del Campo stehen auch bedeutende Bauten, allen voran der <strong>Palazzo Comunale<\/strong>, der aus rotem Stein und wei\u00dfem Marmor erbaut ist, und der das St\u00e4dtische Museum beherbergt. In diesem Museum gibt es zahlreiche Meisterwerke von K\u00fcnstlern aus Siena zu sehen, unter Anderem die pr\u00e4chtige &#8220;Maest\u00e0&#8221; von Simone Martini und das ber\u00fchmte Werk \u201cBuono e Cattivo Governo\u201d von Ambrogio Lorenzetti.<br \/>\nNeben dem Palazzo Comunale ragt stolz der <strong>Torre del Mangia<\/strong>, einer der h\u00f6chsten T\u00fcrme Italiens, hervor, auf den man auch hinaufsteigen kann. Und die M\u00fche lohnt sich: denn von dort oben aus hat man eine traumhafte Sicht auf Siena und auf das ganze Umland. Auf der anderen Seite der Piazza befindet sich die monumentale <strong>Fonte Gaia<\/strong>\u00a0von Jacopo della Quercia. An dieser Quelle muss sich jeder Besucher etwas w\u00fcnschen und eine M\u00fcnze ins Wasser werfen. Nat\u00fcrlich sollte man bei einem Besuch in dieser berauschenden Stadt auch die wundersch\u00f6ne Piazza del Duomo gesehen haben, und somit auch die Cattedrale di Santa Maria Assunta und das gro\u00dfartige Battistero Adiacente.<\/p>\n<p style=\"text-align: justify;\">Ein weiterer H\u00f6hepunkt f\u00fcr jeden Besucher von Siena ist sicherlich das <strong>Museo dell&#8217;Opera del Duomo<\/strong>, in dem die\u00a0\u201cMaest\u00e0\u201d von Duccio di Buoninsegna zu sehen ist, ein einzigartiges Meisterwerk in der Geschichte der Kunst. Auch die Pinacoteca Nazionale, in der Werke von Simone Martini, Duccio di Buoninsegna und anderen bedeutenden K\u00fcnstlern ausgestellt sind, ist einen Besuch wert.<\/p>\n<p style=\"text-align: justify;\">Durch die <strong>kleinen Str\u00e4\u00dfchen der Altstadt<\/strong> von Siena zu gehen, ist zu jeder Tages- und Jahreszeit reizvoll. Bei Ihrer Entdeckungsreise durch die Stadt m\u00fcssen Sie immer darauf achten, in welchem Viertel, d.h. in welchem Stadtbezirk Sie sich befinden; das erkennen Sie an den Wappen an den Fenstern und T\u00fcren der H\u00e4user und L\u00e4den und so werden Sie die Kirche des Stadtbezirks und ihren Brunnen entdecken. Wenn Sie wissen wollen, was diese Stadt wirklich ausmacht, dann besuchen Sie eines der vielen <strong>Musei del Palio<\/strong>, dort finden Sie sicher den ein oder anderen &#8220;Ureinwohner&#8221; eines Stadtbezirks, der Ihnen gern alle Br\u00e4uche, Legenden und Eigenheiten des Palio und der Stadt erl\u00e4utert.<\/p>\n\n\t\t<style type=\"text\/css\">\n\t\t\t#gallery-1 {\n\t\t\t\tmargin: auto;\n\t\t\t}\n\t\t\t#gallery-1 .gallery-item {\n\t\t\t\tfloat: left;\n\t\t\t\tmargin-top: 10px;\n\t\t\t\ttext-align: center;\n\t\t\t\twidth: 33%;\n\t\t\t}\n\t\t\t#gallery-1 img {\n\t\t\t\tborder: 2px solid #cfcfcf;\n\t\t\t}\n\t\t\t#gallery-1 .gallery-caption {\n\t\t\t\tmargin-left: 0;\n\t\t\t}\n\t\t\t\/* see gallery_shortcode() in wp-includes\/media.php *\/\n\t\t<\/style>\n\t\t<div id='gallery-1' class='gallery galleryid-2730 gallery-columns-3 gallery-size-thumbnail'><dl class='gallery-item'>\n\t\t\t<dt class='gallery-icon landscape'>\n\t\t\t\t<a href='https:\/\/lacamporena.it\/wp-content\/uploads\/2014\/07\/Siena-duomo.jpg' title=\"\" data-rl_title=\"\" class=\"rl-gallery-link\" data-rl_caption=\"\" data-rel=\"lightbox-gallery-1\"><img width=\"150\" height=\"150\" src=\"https:\/\/lacamporena.it\/wp-content\/uploads\/2014\/07\/Siena-duomo-150x150.jpg\" class=\"attachment-thumbnail size-thumbnail\" alt=\"Cattedrale di Siena al tramonto\" decoding=\"async\" loading=\"lazy\" srcset=\"https:\/\/lacamporena.it\/wp-content\/uploads\/2014\/07\/Siena-duomo-150x150.jpg 150w, https:\/\/lacamporena.it\/wp-content\/uploads\/2014\/07\/Siena-duomo-157x157.jpg 157w, https:\/\/lacamporena.it\/wp-content\/uploads\/2014\/07\/Siena-duomo-400x400.jpg 400w\" sizes=\"(max-width: 150px) 100vw, 150px\" \/><\/a>\n\t\t\t<\/dt><\/dl><dl class='gallery-item'>\n\t\t\t<dt class='gallery-icon landscape'>\n\t\t\t\t<a href='https:\/\/lacamporena.it\/wp-content\/uploads\/2014\/07\/Siena-profilo-citta.jpg' title=\"\" data-rl_title=\"\" class=\"rl-gallery-link\" data-rl_caption=\"\" data-rel=\"lightbox-gallery-1\"><img width=\"150\" height=\"150\" src=\"https:\/\/lacamporena.it\/wp-content\/uploads\/2014\/07\/Siena-profilo-citta-150x150.jpg\" class=\"attachment-thumbnail size-thumbnail\" alt=\"Siena profilo della citt\u00e0\" decoding=\"async\" loading=\"lazy\" srcset=\"https:\/\/lacamporena.it\/wp-content\/uploads\/2014\/07\/Siena-profilo-citta-150x150.jpg 150w, https:\/\/lacamporena.it\/wp-content\/uploads\/2014\/07\/Siena-profilo-citta-157x157.jpg 157w, https:\/\/lacamporena.it\/wp-content\/uploads\/2014\/07\/Siena-profilo-citta-400x400.jpg 400w\" sizes=\"(max-width: 150px) 100vw, 150px\" \/><\/a>\n\t\t\t<\/dt><\/dl><dl class='gallery-item'>\n\t\t\t<dt class='gallery-icon landscape'>\n\t\t\t\t<a href='https:\/\/lacamporena.it\/wp-content\/uploads\/2014\/07\/piazza-del-campo-siena.jpg' title=\"\" data-rl_title=\"\" class=\"rl-gallery-link\" data-rl_caption=\"\" data-rel=\"lightbox-gallery-1\"><img width=\"150\" height=\"150\" src=\"https:\/\/lacamporena.it\/wp-content\/uploads\/2014\/07\/piazza-del-campo-siena-150x150.jpg\" class=\"attachment-thumbnail size-thumbnail\" alt=\"Siena Piazza del Campo al tramonto\" decoding=\"async\" loading=\"lazy\" srcset=\"https:\/\/lacamporena.it\/wp-content\/uploads\/2014\/07\/piazza-del-campo-siena-150x150.jpg 150w, https:\/\/lacamporena.it\/wp-content\/uploads\/2014\/07\/piazza-del-campo-siena-157x157.jpg 157w, https:\/\/lacamporena.it\/wp-content\/uploads\/2014\/07\/piazza-del-campo-siena-400x400.jpg 400w\" sizes=\"(max-width: 150px) 100vw, 150px\" \/><\/a>\n\t\t\t<\/dt><\/dl><br style=\"clear: both\" \/>\n\t\t<\/div>\n\n","protected":false},"excerpt":{"rendered":"<p>Siena ist eine der sch\u00f6nsten mittelalterlichen St\u00e4dte der Welt, umgeben von den sanften H\u00fcgeln und den &#8220;Crete&#8221; (auf Deutsche &#8220;Lehme&#8221;). In Siena gibt es so viele Reiserouten, aber wir w\u00fcrden Ihnen empfehlen, Ihre Besichtigung im Herzen der Stadt zu beginnen: auf der ber\u00fchmten Piazza del Campo, die durch ihre spezielle Muschelform auff\u00e4llt und auf der [&hellip;]<\/p>\n","protected":false},"author":12,"featured_media":3182,"parent":2709,"menu_order":0,"comment_status":"open","ping_status":"open","template":"","meta":{"_expiration-date-status":"saved","_expiration-date":0,"_expiration-date-type":"","_expiration-date-categories":[],"_expiration-date-options":[]},"categories":[],"tags":[],"_links":{"self":[{"href":"https:\/\/lacamporena.it\/index.php?rest_route=\/wp\/v2\/pages\/2730"}],"collection":[{"href":"https:\/\/lacamporena.it\/index.php?rest_route=\/wp\/v2\/pages"}],"about":[{"href":"https:\/\/lacamporena.it\/index.php?rest_route=\/wp\/v2\/types\/page"}],"author":[{"embeddable":true,"href":"https:\/\/lacamporena.it\/index.php?rest_route=\/wp\/v2\/users\/12"}],"replies":[{"embeddable":true,"href":"https:\/\/lacamporena.it\/index.php?rest_route=%2Fwp%2Fv2%2Fcomments&post=2730"}],"version-history":[{"count":0,"href":"https:\/\/lacamporena.it\/index.php?rest_route=\/wp\/v2\/pages\/2730\/revisions"}],"up":[{"embeddable":true,"href":"https:\/\/lacamporena.it\/index.php?rest_route=\/wp\/v2\/pages\/2709"}],"wp:featuredmedia":[{"embeddable":true,"href":"https:\/\/lacamporena.it\/index.php?rest_route=\/wp\/v2\/media\/3182"}],"wp:attachment":[{"href":"https:\/\/lacamporena.it\/index.php?rest_route=%2Fwp%2Fv2%2Fmedia&parent=2730"}],"wp:term":[{"taxonomy":"category","embeddable":true,"href":"https:\/\/lacamporena.it\/index.php?rest_route=%2Fwp%2Fv2%2Fcategories&post=2730"},{"taxonomy":"post_tag","embeddable":true,"href":"https:\/\/lacamporena.it\/index.php?rest_route=%2Fwp%2Fv2%2Ftags&post=2730"}],"curies":[{"name":"wp","href":"https:\/\/api.w.org\/{rel}","templated":true}]}}

<p style="text-align: justify;"><strong>Siena</strong> ist eine der schönsten mittelalterlichen Städte der Welt, umgeben von den sanften Hügeln und den &#8220;Crete&#8221; (auf Deutsche &#8220;Lehme&#8221;). In Siena gibt es so viele Reiserouten, aber wir würden Ihnen empfehlen, Ihre Besichtigung im Herzen der Stadt zu beginnen: auf der berühmten <strong>Piazza del Campo</strong>, die durch ihre spezielle Muschelform auffällt und auf der jedes Jahr der legendäre Palio veranstaltet wird. Der <strong>Palio di Siena</strong> findet jedes Jahr am 2. Juli und am 16. August statt und an diesen Tagen wird die Stadt in die alten Stadtbezirke aufgeteilt. Diese jahrhundertealte Tradition besteht dank dem Einsatz und dem Enthusiasmus der Bürger von Siena bis heute fort.</p>
<p style="text-align: justify;">Direkt an der Piazza del Campo stehen auch bedeutende Bauten, allen voran der <strong>Palazzo Comunale</strong>, der aus rotem Stein und weißem Marmor erbaut ist, und der das Städtische Museum beherbergt. In diesem Museum gibt es zahlreiche Meisterwerke von Künstlern aus Siena zu sehen, unter Anderem die prächtige &#8220;Maestà&#8221; von Simone Martini und das berühmte Werk “Buono e Cattivo Governo” von Ambrogio Lorenzetti.<br />
Neben dem Palazzo Comunale ragt stolz der <strong>Torre del Mangia</strong>, einer der höchsten Türme Italiens, hervor, auf den man auch hinaufsteigen kann. Und die Mühe lohnt sich: denn von dort oben aus hat man eine traumhafte Sicht auf Siena und auf das ganze Umland. Auf der anderen Seite der Piazza befindet sich die monumentale <strong>Fonte Gaia</strong> von Jacopo della Quercia. An dieser Quelle muss sich jeder Besucher etwas wünschen und eine Münze ins Wasser werfen. Natürlich sollte man bei einem Besuch in dieser berauschenden Stadt auch die wunderschöne Piazza del Duomo gesehen haben, und somit auch die Cattedrale di Santa Maria Assunta und das großartige Battistero Adiacente.</p>
<p style="text-align: justify;">Ein weiterer Höhepunkt für jeden Besucher von Siena ist sicherlich das <strong>Museo dell&#8217;Opera del Duomo</strong>, in dem die “Maestà” von Duccio di Buoninsegna zu sehen ist, ein einzigartiges Meisterwerk in der Geschichte der Kunst. Auch die Pinacoteca Nazionale, in der Werke von Simone Martini, Duccio di Buoninsegna und anderen bedeutenden Künstlern ausgestellt sind, ist einen Besuch wert.</p>
<p style="text-align: justify;">Durch die <strong>kleinen Sträßchen der Altstadt</strong> von Siena zu gehen, ist zu jeder Tages- und Jahreszeit reizvoll. Bei Ihrer Entdeckungsreise durch die Stadt müssen Sie immer darauf achten, in welchem Viertel, d.h. in welchem Stadtbezirk Sie sich befinden; das erkennen Sie an den Wappen an den Fenstern und Türen der Häuser und Läden und so werden Sie die Kirche des Stadtbezirks und ihren Brunnen entdecken. Wenn Sie wissen wollen, was diese Stadt wirklich ausmacht, dann besuchen Sie eines der vielen <strong>Musei del Palio</strong>, dort finden Sie sicher den ein oder anderen &#8220;Ureinwohner&#8221; eines Stadtbezirks, der Ihnen gern alle Bräuche, Legenden und Eigenheiten des Palio und der Stadt erläutert.</p>

		<style type="text/css">
			#gallery-1 {
				margin: auto;
			}
			#gallery-1 .gallery-item {
				float: left;
				margin-top: 10px;
				text-align: center;
				width: 33%;
			}
			#gallery-1 img {
				border: 2px solid #cfcfcf;
			}
			#gallery-1 .gallery-caption {
				margin-left: 0;
			}
			/* see gallery_shortcode() in wp-includes/media.php */
		</style>
		<div id='gallery-1' class='gallery galleryid-2730 gallery-columns-3 gallery-size-thumbnail'><dl class='gallery-item'>
			<dt class='gallery-icon landscape'>
				<a href='https://lacamporena.it/wp-content/uploads/2014/07/Siena-duomo.jpg' title="" data-rl_title="" class="rl-gallery-link" data-rl_caption="" data-rel="lightbox-gallery-1"><img width="150" height="150" src="https://lacamporena.it/wp-content/uploads/2014/07/Siena-duomo-150x150.jpg" class="attachment-thumbnail size-thumbnail" alt="Cattedrale di Siena al tramonto" decoding="async" loading="lazy" srcset="https://lacamporena.it/wp-content/uploads/2014/07/Siena-duomo-150x150.jpg 150w, https://lacamporena.it/wp-content/uploads/2014/07/Siena-duomo-157x157.jpg 157w, https://lacamporena.it/wp-content/uploads/2014/07/Siena-duomo-400x400.jpg 400w" sizes="(max-width: 150px) 100vw, 150px" /></a>
			</dt></dl><dl class='gallery-item'>
			<dt class='gallery-icon landscape'>
				<a href='https://lacamporena.it/wp-content/uploads/2014/07/Siena-profilo-citta.jpg' title="" data-rl_title="" class="rl-gallery-link" data-rl_caption="" data-rel="lightbox-gallery-1"><img width="150" height="150" src="https://lacamporena.it/wp-content/uploads/2014/07/Siena-profilo-citta-150x150.jpg" class="attachment-thumbnail size-thumbnail" alt="Siena profilo della città" decoding="async" loading="lazy" srcset="https://lacamporena.it/wp-content/uploads/2014/07/Siena-profilo-citta-150x150.jpg 150w, https://lacamporena.it/wp-content/uploads/2014/07/Siena-profilo-citta-157x157.jpg 157w, https://lacamporena.it/wp-content/uploads/2014/07/Siena-profilo-citta-400x400.jpg 400w" sizes="(max-width: 150px) 100vw, 150px" /></a>
			</dt></dl><dl class='gallery-item'>
			<dt class='gallery-icon landscape'>
				<a href='https://lacamporena.it/wp-content/uploads/2014/07/piazza-del-campo-siena.jpg' title="" data-rl_title="" class="rl-gallery-link" data-rl_caption="" data-rel="lightbox-gallery-1"><img width="150" height="150" src="https://lacamporena.it/wp-content/uploads/2014/07/piazza-del-campo-siena-150x150.jpg" class="attachment-thumbnail size-thumbnail" alt="Siena Piazza del Campo al tramonto" decoding="async" loading="lazy" srcset="https://lacamporena.it/wp-content/uploads/2014/07/piazza-del-campo-siena-150x150.jpg 150w, https://lacamporena.it/wp-content/uploads/2014/07/piazza-del-campo-siena-157x157.jpg 157w, https://lacamporena.it/wp-content/uploads/2014/07/piazza-del-campo-siena-400x400.jpg 400w" sizes="(max-width: 150px) 100vw, 150px" /></a>
			</dt></dl><br style="clear: both" />
		</div>

<p>Siena ist eine der schönsten mittelalterlichen Städte der Welt, umgeben von den sanften Hügeln und den &#8220;Crete&#8221; (auf Deutsche &#8220;Lehme&#8221;). In Siena gibt es so viele Reiserouten, aber wir würden Ihnen empfehlen, Ihre Besichtigung im Herzen der Stadt zu beginnen: auf der berühmten Piazza del Campo, die durch ihre spezielle Muschelform auffällt und auf der [&hellip;]</p>
