{"id":2726,"date":"2014-07-29T11:52:16","date_gmt":"2014-07-29T09:52:16","guid":{"rendered":"http:\/\/www.lacamporena.it\/territorio\/val-pesa\/"},"modified":"2014-10-08T09:32:15","modified_gmt":"2014-10-08T07:32:15","slug":"arezzo","status":"publish","type":"page","link":"https:\/\/lacamporena.it\/?page_id=2726","title":{"rendered":"Arezzo"},"content":{"rendered":"<p style=\"text-align: justify;\"><strong>Arezzo<\/strong> ist eine antike Stadt, die auf einem H\u00fcgel gelegen ist. Ringsherum erstrecken sich vier T\u00e4ler: das Valdarno, das Val di Chiana, das Val Tiberina und Casentino.<\/p>\n<p style=\"text-align: justify;\">In der Geschichte hat dieser Ort immer eine wichtige Rolle gespielt und die Spuren der Vergangenheit sind bis heute gut erkennbar. Der mittelalterliche Teil von Arezzo wurde im zweiten Weltkrieg duch die Bombenangriffe zwar zerst\u00f6rt, aber dennoch sind die bedeutendsten Geb\u00e4ude wie die\u00a0<strong>Basilica di San Francesco<\/strong> erhalten geblieben. Im Inneren der Basilica befinden sich Meisterwerke der Renaissance, geschaffen von einem herausragenden K\u00fcnstler aus Arezzo: der Freskenzyklus &#8220;Die Legende vom Wahren Kreuz&#8221; von Piero della Francesca.<\/p>\n<p style=\"text-align: justify;\">Ein absolutes Muss f\u00fcr jeden, der Arezzo besucht, ist zudem das <strong>R\u00f6mische Amphitheater<\/strong> und nat\u00fcrlich auch die Chiesa di San Francesco mit dem h\u00f6lzernen Kreuz, ein Werk von unsch\u00e4tzbarem Wert von Cimabue.<\/p>\n\n\t\t<style type=\"text\/css\">\n\t\t\t#gallery-1 {\n\t\t\t\tmargin: auto;\n\t\t\t}\n\t\t\t#gallery-1 .gallery-item {\n\t\t\t\tfloat: left;\n\t\t\t\tmargin-top: 10px;\n\t\t\t\ttext-align: center;\n\t\t\t\twidth: 33%;\n\t\t\t}\n\t\t\t#gallery-1 img {\n\t\t\t\tborder: 2px solid #cfcfcf;\n\t\t\t}\n\t\t\t#gallery-1 .gallery-caption {\n\t\t\t\tmargin-left: 0;\n\t\t\t}\n\t\t\t\/* see gallery_shortcode() in wp-includes\/media.php *\/\n\t\t<\/style>\n\t\t<div id='gallery-1' class='gallery galleryid-2726 gallery-columns-3 gallery-size-thumbnail'><dl class='gallery-item'>\n\t\t\t<dt class='gallery-icon landscape'>\n\t\t\t\t<a href='https:\/\/lacamporena.it\/wp-content\/uploads\/2014\/07\/arezzo-basilica.jpg' title=\"\" data-rl_title=\"\" class=\"rl-gallery-link\" data-rl_caption=\"\" data-rel=\"lightbox-gallery-1\"><img width=\"150\" height=\"150\" src=\"https:\/\/lacamporena.it\/wp-content\/uploads\/2014\/07\/arezzo-basilica-150x150.jpg\" class=\"attachment-thumbnail size-thumbnail\" alt=\"Basilica di Arezzo\" decoding=\"async\" loading=\"lazy\" srcset=\"https:\/\/lacamporena.it\/wp-content\/uploads\/2014\/07\/arezzo-basilica-150x150.jpg 150w, https:\/\/lacamporena.it\/wp-content\/uploads\/2014\/07\/arezzo-basilica-157x157.jpg 157w, https:\/\/lacamporena.it\/wp-content\/uploads\/2014\/07\/arezzo-basilica-400x400.jpg 400w\" sizes=\"(max-width: 150px) 100vw, 150px\" \/><\/a>\n\t\t\t<\/dt><\/dl><dl class='gallery-item'>\n\t\t\t<dt class='gallery-icon landscape'>\n\t\t\t\t<a href='https:\/\/lacamporena.it\/wp-content\/uploads\/2014\/07\/arezzo-giostra-saracino.jpg' title=\"\" data-rl_title=\"\" class=\"rl-gallery-link\" data-rl_caption=\"\" data-rel=\"lightbox-gallery-1\"><img width=\"150\" height=\"150\" src=\"https:\/\/lacamporena.it\/wp-content\/uploads\/2014\/07\/arezzo-giostra-saracino-150x150.jpg\" class=\"attachment-thumbnail size-thumbnail\" alt=\"Arezzo Giostra del Saracino\" decoding=\"async\" loading=\"lazy\" srcset=\"https:\/\/lacamporena.it\/wp-content\/uploads\/2014\/07\/arezzo-giostra-saracino-150x150.jpg 150w, https:\/\/lacamporena.it\/wp-content\/uploads\/2014\/07\/arezzo-giostra-saracino-157x157.jpg 157w, https:\/\/lacamporena.it\/wp-content\/uploads\/2014\/07\/arezzo-giostra-saracino-400x400.jpg 400w\" sizes=\"(max-width: 150px) 100vw, 150px\" \/><\/a>\n\t\t\t<\/dt><\/dl><dl class='gallery-item'>\n\t\t\t<dt class='gallery-icon landscape'>\n\t\t\t\t<a href='https:\/\/lacamporena.it\/wp-content\/uploads\/2014\/07\/arezzo-centro.jpg' title=\"\" data-rl_title=\"\" class=\"rl-gallery-link\" data-rl_caption=\"\" data-rel=\"lightbox-gallery-1\"><img width=\"150\" height=\"150\" src=\"https:\/\/lacamporena.it\/wp-content\/uploads\/2014\/07\/arezzo-centro-150x150.jpg\" class=\"attachment-thumbnail size-thumbnail\" alt=\"Arezzo centro storico\" decoding=\"async\" loading=\"lazy\" srcset=\"https:\/\/lacamporena.it\/wp-content\/uploads\/2014\/07\/arezzo-centro-150x150.jpg 150w, https:\/\/lacamporena.it\/wp-content\/uploads\/2014\/07\/arezzo-centro-157x157.jpg 157w, https:\/\/lacamporena.it\/wp-content\/uploads\/2014\/07\/arezzo-centro-400x400.jpg 400w\" sizes=\"(max-width: 150px) 100vw, 150px\" \/><\/a>\n\t\t\t<\/dt><\/dl><br style=\"clear: both\" \/>\n\t\t<\/div>\n\n<p>&nbsp;<\/p>\n","protected":false},"excerpt":{"rendered":"<p>Arezzo ist eine antike Stadt, die auf einem H\u00fcgel gelegen ist. Ringsherum erstrecken sich vier T\u00e4ler: das Valdarno, das Val di Chiana, das Val Tiberina und Casentino. In der Geschichte hat dieser Ort immer eine wichtige Rolle gespielt und die Spuren der Vergangenheit sind bis heute gut erkennbar. Der mittelalterliche Teil von Arezzo wurde im [&hellip;]<\/p>\n","protected":false},"author":12,"featured_media":3143,"parent":2709,"menu_order":0,"comment_status":"open","ping_status":"open","template":"","meta":{"_expiration-date-status":"saved","_expiration-date":0,"_expiration-date-type":"","_expiration-date-categories":[],"_expiration-date-options":[]},"categories":[],"tags":[],"_links":{"self":[{"href":"https:\/\/lacamporena.it\/index.php?rest_route=\/wp\/v2\/pages\/2726"}],"collection":[{"href":"https:\/\/lacamporena.it\/index.php?rest_route=\/wp\/v2\/pages"}],"about":[{"href":"https:\/\/lacamporena.it\/index.php?rest_route=\/wp\/v2\/types\/page"}],"author":[{"embeddable":true,"href":"https:\/\/lacamporena.it\/index.php?rest_route=\/wp\/v2\/users\/12"}],"replies":[{"embeddable":true,"href":"https:\/\/lacamporena.it\/index.php?rest_route=%2Fwp%2Fv2%2Fcomments&post=2726"}],"version-history":[{"count":0,"href":"https:\/\/lacamporena.it\/index.php?rest_route=\/wp\/v2\/pages\/2726\/revisions"}],"up":[{"embeddable":true,"href":"https:\/\/lacamporena.it\/index.php?rest_route=\/wp\/v2\/pages\/2709"}],"wp:featuredmedia":[{"embeddable":true,"href":"https:\/\/lacamporena.it\/index.php?rest_route=\/wp\/v2\/media\/3143"}],"wp:attachment":[{"href":"https:\/\/lacamporena.it\/index.php?rest_route=%2Fwp%2Fv2%2Fmedia&parent=2726"}],"wp:term":[{"taxonomy":"category","embeddable":true,"href":"https:\/\/lacamporena.it\/index.php?rest_route=%2Fwp%2Fv2%2Fcategories&post=2726"},{"taxonomy":"post_tag","embeddable":true,"href":"https:\/\/lacamporena.it\/index.php?rest_route=%2Fwp%2Fv2%2Ftags&post=2726"}],"curies":[{"name":"wp","href":"https:\/\/api.w.org\/{rel}","templated":true}]}}