{"id":2238,"date":"2014-07-03T17:10:18","date_gmt":"2014-07-03T15:10:18","guid":{"rendered":"http:\/\/www.lacamporena.it\/?page_id=2238"},"modified":"2016-10-26T17:47:14","modified_gmt":"2016-10-26T15:47:14","slug":"homepage","status":"publish","type":"page","link":"https:\/\/lacamporena.it\/","title":{"rendered":"Homepage"},"content":{"rendered":"<p><div class=\"et_pb_section et_pb_section_parallax et_pb_fullwidth_section et_section_regular\" style='background-color:#ffffff;'>\n\t\t\t\n\t\t\t\n\t\t\t\t\n\t\t\t\t<div class=\"et_pb_slider et_pb_slider_parallax et_slider_auto et_slider_speed_7000\">\n\t\t\t<div class=\"et_pb_slides\">\n\t\t\t\t<div class=\"et_pb_slide et_pb_bg_layout_light et_pb_media_alignment_center\" style='background-color:#ffffff;'>\n\t\t\t<div class=\"et_parallax_bg et_pb_parallax_css\" style=\"background-image: url(https:\/\/lacamporena.it\/wp-content\/uploads\/2014\/07\/piscina-agriturismo-chianti-IMG-EV2.jpg);\"><\/div>\n\t\t\t<div class=\"et_pb_container clearfix\">\n\t\t\t\t\n\t\t\t\t<div class=\"et_pb_slide_description\">\n\t\t\t\t\t<h2>Il mondo \u00e8 nelle mani di coloro che hanno il coraggio di sognare e di correre il rischio di vivere i propri sogni<\/h2>\n\t\t\t\t\t<div class=\"et_pb_slide_content\">\n<p>P. Coelho<\/p>\n<\/div>\n\t\t\t\t\t\n\t\t\t\t<\/div> <!-- .et_pb_slide_description -->\n\t\t\t<\/div> <!-- .et_pb_container -->\n\t\t\t\n\t\t<\/div> <!-- .et_pb_slide -->\n\t\t<div class=\"et_pb_slide et_pb_bg_layout_light et_pb_media_alignment_center\" style='background-color:#ffffff;'>\n\t\t\t<div class=\"et_parallax_bg et_pb_parallax_css\" style=\"background-image: url(https:\/\/lacamporena.it\/wp-content\/uploads\/2014\/07\/botti3.jpg);\"><\/div>\n\t\t\t<div class=\"et_pb_container clearfix\">\n\t\t\t\t\n\t\t\t\t<div class=\"et_pb_slide_description\">\n\t\t\t\t\t<h2>Una bottiglia di vino contiene pi\u00f9 filosofia che tutti i libri del mondo<\/h2>\n\t\t\t\t\t<div class=\"et_pb_slide_content\">\n<p>L. Pasteur<\/p>\n<\/div>\n\t\t\t\t\t\n\t\t\t\t<\/div> <!-- .et_pb_slide_description -->\n\t\t\t<\/div> <!-- .et_pb_container -->\n\t\t\t\n\t\t<\/div> <!-- .et_pb_slide -->\n\t\t<div class=\"et_pb_slide et_pb_bg_layout_light et_pb_media_alignment_center\" style='background-color:#ffffff;'>\n\t\t\t<div class=\"et_parallax_bg et_pb_parallax_css\" style=\"background-image: url(https:\/\/lacamporena.it\/wp-content\/uploads\/2014\/07\/camera1.jpg);\"><\/div>\n\t\t\t<div class=\"et_pb_container clearfix\">\n\t\t\t\t\n\t\t\t\t<div class=\"et_pb_slide_description\">\n\t\t\t\t\t<h2>Il mondo \u00e8 un libro, e chi non viaggia legge solo una pagina<\/h2>\n\t\t\t\t\t<div class=\"et_pb_slide_content\">\n<p>Sant\u2019Agostino<\/p>\n<\/div>\n\t\t\t\t\t\n\t\t\t\t<\/div> <!-- .et_pb_slide_description -->\n\t\t\t<\/div> <!-- .et_pb_container -->\n\t\t\t\n\t\t<\/div> <!-- .et_pb_slide -->\n\t\t<div class=\"et_pb_slide et_pb_bg_layout_light et_pb_media_alignment_center\" style='background-color:#ffffff;'>\n\t\t\t<div class=\"et_parallax_bg et_pb_parallax_css\" style=\"background-image: url(https:\/\/lacamporena.it\/wp-content\/uploads\/2014\/07\/panoramica-suite-1-2-FILEminimizer3.jpg);\"><\/div>\n\t\t\t<div class=\"et_pb_container clearfix\">\n\t\t\t\t\n\t\t\t\t<div class=\"et_pb_slide_description\">\n\t\t\t\t\t<h2>Il vero viaggio di scoperta non consiste nel cercare nuove terre, ma nell\u2019avere nuovi occhi<\/h2>\n\t\t\t\t\t<div class=\"et_pb_slide_content\">\n<p>M. Proust<\/p>\n<\/div>\n\t\t\t\t\t\n\t\t\t\t<\/div> <!-- .et_pb_slide_description -->\n\t\t\t<\/div> <!-- .et_pb_container -->\n\t\t\t\n\t\t<\/div> <!-- .et_pb_slide -->\n\t\t<div class=\"et_pb_slide et_pb_bg_layout_light et_pb_media_alignment_center\" style='background-color:#ffffff;'>\n\t\t\t<div class=\"et_parallax_bg et_pb_parallax_css\" style=\"background-image: url(https:\/\/lacamporena.it\/wp-content\/uploads\/2014\/07\/bistecca-fiorentina-e-vino-la-camporena-ristorante-anna2.jpg);\"><\/div>\n\t\t\t<div class=\"et_pb_container clearfix\">\n\t\t\t\t\n\t\t\t\t<div class=\"et_pb_slide_description\">\n\t\t\t\t\t<h2>Un pasto senza vino \u00e8 come un giorno senza sole<\/h2>\n\t\t\t\t\t<div class=\"et_pb_slide_content\">\n<p>Anthelme Brillat-Savarin<\/p>\n<\/div>\n\t\t\t\t\t\n\t\t\t\t<\/div> <!-- .et_pb_slide_description -->\n\t\t\t<\/div> <!-- .et_pb_container -->\n\t\t\t\n\t\t<\/div> <!-- .et_pb_slide -->\n\t\t<div class=\"et_pb_slide et_pb_bg_layout_light et_pb_media_alignment_center\" style='background-color:#ffffff;'>\n\t\t\t<div class=\"et_parallax_bg et_pb_parallax_css\" style=\"background-image: url(https:\/\/lacamporena.it\/wp-content\/uploads\/2014\/07\/piscina-nel-verde-degli-ulivi12.jpg);\"><\/div>\n\t\t\t<div class=\"et_pb_container clearfix\">\n\t\t\t\t\n\t\t\t\t<div class=\"et_pb_slide_description\">\n\t\t\t\t\t<h2>Il vino \u00e8 la risposta della terra al sole<\/h2>\n\t\t\t\t\t<div class=\"et_pb_slide_content\">\n<p>Margaret Fuller<\/p>\n<\/div>\n\t\t\t\t\t\n\t\t\t\t<\/div> <!-- .et_pb_slide_description -->\n\t\t\t<\/div> <!-- .et_pb_container -->\n\t\t\t\n\t\t<\/div> <!-- .et_pb_slide -->\n\t\t\n\t\t\t<\/div> <!-- .et_pb_slides -->\n\t\t<\/div> <!-- .et_pb_slider -->\n\t\t\n\t\t\t\n\t\t<\/div> <!-- .et_pb_section --><div class=\"et_pb_section et_pb_section_parallax bcgBlurbUp et_section_regular\" style='background-color:#000000;'>\n\t\t\t<div class=\"et_parallax_bg et_pb_parallax_css\" style=\"background-image: url(https:\/\/lacamporena.it\/wp-content\/uploads\/2014\/11\/botte1.jpg);\"><\/div>\n\t\t\t\n\t\t\t\t\n\t\t\t\t<div class=\"et_pb_row\">\n\t\t\t<div class=\"et_pb_column et_pb_column_1_3\">\n\t\t\t<div id=\"homeBlurb1\" class=\"et_pb_blurb et_pb_bg_layout_light et_pb_text_align_center homeBlurb et_pb_blurb_position_top\">\n\t\t\t<div class=\"et_pb_blurb_content\">\n\t\t\t\t<div class=\"et_pb_main_blurb_image\"><a href=\"https:\/\/lacamporena.it\/?page_id=1976\"><img src=\"https:\/\/lacamporena.it\/wp-content\/uploads\/2014\/07\/agriturismo-anna-vista-dalla-piscina11.jpg\" alt=\"\" class=\"et-waypoint et_pb_animation_top\" \/><\/a><\/div>\n\t\t\t\t\n\t\t\t\t\n\t\t\t<\/div> <!-- .et_pb_blurb_content -->\n\t\t<\/div> <!-- .et_pb_blurb --><div class=\"et_pb_promo et_pb_bg_layout_light et_pb_text_align_center et_pb_no_bg\">\n\t\t\t<div class=\"et_pb_promo_description\">\n\t\t\t\t\n\t\t\t\t\n\t\t\t<\/div>\n\t\t\t<a class=\"et_pb_promo_button\" href=\"https:\/\/lacamporena.it\/?page_id=1976\">AGRITURISMO<\/a>\n\t\t<\/div>\n\t\t<\/div> <!-- .et_pb_column --><div class=\"et_pb_column et_pb_column_1_3\">\n\t\t\t<div id=\"homeBlurb2\" class=\"et_pb_blurb et_pb_bg_layout_light et_pb_text_align_center homeBlurb et_pb_blurb_position_top\">\n\t\t\t<div class=\"et_pb_blurb_content\">\n\t\t\t\t<div class=\"et_pb_main_blurb_image\"><a href=\"https:\/\/lacamporena.it\/?page_id=1993\"><img src=\"https:\/\/lacamporena.it\/wp-content\/uploads\/2014\/07\/piscina-nel-verde-degli-ulivi2.jpg\" alt=\"La Piscina\" class=\"et-waypoint et_pb_animation_top\" \/><\/a><\/div>\n\t\t\t\t\n\t\t\t\t\n\t\t\t<\/div> <!-- .et_pb_blurb_content -->\n\t\t<\/div> <!-- .et_pb_blurb --><div class=\"et_pb_promo et_pb_bg_layout_light et_pb_text_align_center et_pb_no_bg\">\n\t\t\t<div class=\"et_pb_promo_description\">\n\t\t\t\t\n\t\t\t\t\n\t\t\t<\/div>\n\t\t\t<a class=\"et_pb_promo_button\" href=\"https:\/\/lacamporena.it\/?page_id=1993\">PISCINA<\/a>\n\t\t<\/div>\n\t\t<\/div> <!-- .et_pb_column --><div class=\"et_pb_column et_pb_column_1_3\">\n\t\t\t<div id=\"homeBlurb3\" class=\"et_pb_blurb et_pb_bg_layout_light et_pb_text_align_center homeBlurb et_pb_blurb_position_top\">\n\t\t\t<div class=\"et_pb_blurb_content\">\n\t\t\t\t<div class=\"et_pb_main_blurb_image\"><a href=\"https:\/\/lacamporena.it\/?page_id=2668\"><img src=\"https:\/\/lacamporena.it\/wp-content\/uploads\/2014\/07\/panoramica-suite-1-2-FILEminimizer.jpg\" alt=\"\" class=\"et-waypoint et_pb_animation_top\" \/><\/a><\/div>\n\t\t\t\t\n\t\t\t\t\n\t\t\t<\/div> <!-- .et_pb_blurb_content -->\n\t\t<\/div> <!-- .et_pb_blurb --><div class=\"et_pb_promo et_pb_bg_layout_light et_pb_text_align_center et_pb_no_bg\">\n\t\t\t<div class=\"et_pb_promo_description\">\n\t\t\t\t\n\t\t\t\t\n\t\t\t<\/div>\n\t\t\t<a class=\"et_pb_promo_button\" href=\"https:\/\/lacamporena.it\/?page_id=2668\">SUITE<\/a>\n\t\t<\/div>\n\t\t<\/div> <!-- .et_pb_column -->\n\t\t<\/div> <!-- .et_pb_row --><div class=\"et_pb_row\">\n\t\t\t<div class=\"et_pb_column et_pb_column_1_3\">\n\t\t\t<div id=\"homeBlurb4\" class=\"et_pb_blurb et_pb_bg_layout_light et_pb_text_align_center homeBlurb et_pb_blurb_position_top\">\n\t\t\t<div class=\"et_pb_blurb_content\">\n\t\t\t\t<div class=\"et_pb_main_blurb_image\"><a href=\"https:\/\/lacamporena.it\/?page_id=2674\"><img src=\"https:\/\/lacamporena.it\/wp-content\/uploads\/2014\/07\/primo-piatto-pasta-fatta-a-mano-ristorante1.jpg\" alt=\"\" class=\"et-waypoint et_pb_animation_top\" \/><\/a><\/div>\n\t\t\t\t\n\t\t\t\t\n\t\t\t<\/div> <!-- .et_pb_blurb_content -->\n\t\t<\/div> <!-- .et_pb_blurb --><div class=\"et_pb_promo et_pb_bg_layout_light et_pb_text_align_center et_pb_no_bg\">\n\t\t\t<div class=\"et_pb_promo_description\">\n\t\t\t\t\n\t\t\t\t\n\t\t\t<\/div>\n\t\t\t<a class=\"et_pb_promo_button\" href=\"https:\/\/lacamporena.it\/?page_id=2674\">RISTORANTE<\/a>\n\t\t<\/div>\n\t\t<\/div> <!-- .et_pb_column --><div class=\"et_pb_column et_pb_column_1_3\">\n\t\t\t<div id=\"homeBlurb5\" class=\"et_pb_blurb et_pb_bg_layout_light et_pb_text_align_center homeBlurb et_pb_blurb_position_top\">\n\t\t\t<div class=\"et_pb_blurb_content\">\n\t\t\t\t<div class=\"et_pb_main_blurb_image\"><a href=\"https:\/\/lacamporena.it\/?page_id=1992\"><img src=\"https:\/\/lacamporena.it\/wp-content\/uploads\/2014\/07\/particolare-agriturismo2.jpg\" alt=\"\" class=\"et-waypoint et_pb_animation_top\" \/><\/a><\/div>\n\t\t\t\t\n\t\t\t\t\n\t\t\t<\/div> <!-- .et_pb_blurb_content -->\n\t\t<\/div> <!-- .et_pb_blurb --><div class=\"et_pb_promo et_pb_bg_layout_light et_pb_text_align_center et_pb_no_bg\">\n\t\t\t<div class=\"et_pb_promo_description\">\n\t\t\t\t\n\t\t\t\t\n\t\t\t<\/div>\n\t\t\t<a class=\"et_pb_promo_button\" href=\"https:\/\/lacamporena.it\/?page_id=1992\">ESTERNI<\/a>\n\t\t<\/div>\n\t\t<\/div> <!-- .et_pb_column --><div class=\"et_pb_column et_pb_column_1_3\">\n\t\t\t<div id=\"homeBlurb6\" class=\"et_pb_blurb et_pb_bg_layout_light et_pb_text_align_center homeBlurb et_pb_blurb_position_top\">\n\t\t\t<div class=\"et_pb_blurb_content\">\n\t\t\t\t<div class=\"et_pb_main_blurb_image\"><a href=\"https:\/\/lacamporena.it\/?page_id=2706\"><img src=\"https:\/\/lacamporena.it\/wp-content\/uploads\/2014\/07\/palio-di-siena-eventi1.jpg\" alt=\"\" class=\"et-waypoint et_pb_animation_top\" \/><\/a><\/div>\n\t\t\t\t\n\t\t\t\t\n\t\t\t<\/div> <!-- .et_pb_blurb_content -->\n\t\t<\/div> <!-- .et_pb_blurb --><div class=\"et_pb_promo et_pb_bg_layout_light et_pb_text_align_center et_pb_no_bg\">\n\t\t\t<div class=\"et_pb_promo_description\">\n\t\t\t\t\n\t\t\t\t\n\t\t\t<\/div>\n\t\t\t<a class=\"et_pb_promo_button\" href=\"https:\/\/lacamporena.it\/?page_id=2706\">TERRITORIO<\/a>\n\t\t<\/div>\n\t\t<\/div> <!-- .et_pb_column -->\n\t\t<\/div> <!-- .et_pb_row -->\n\t\t\t\n\t\t<\/div> <!-- .et_pb_section --><div class=\"et_pb_section et_pb_section_parallax bcgBlurb et_section_regular\" style='background-color:#ffffff;'>\n\t\t\t<div class=\"et_parallax_bg et_pb_parallax_css\" style=\"background-image: url(https:\/\/lacamporena.it\/wp-content\/uploads\/2014\/07\/footBg1.jpg);\"><\/div>\n\t\t\t\n\t\t\t\t\n\t\t\t\t<div class=\"et_pb_row\">\n\t\t\t<div class=\"et_pb_column et_pb_column_4_4\">\n\t\t\t<div class=\"et_pb_text et_pb_bg_layout_light et_pb_text_align_left\">\n\t\t\t\n<div style=\"font-size: 16px; color: #fff; padding: 35px;\">\n<p><a href=\"https:\/\/lacamporena.it\/wp-content\/uploads\/2014\/11\/storiche.png\" data-rel=\"lightbox-image-0\" data-rl_title=\"\" data-rl_caption=\"\" title=\"\"><img decoding=\"async\" loading=\"lazy\" class=\"fotoStorica alignleft wp-image-4834 size-full\" src=\"https:\/\/lacamporena.it\/wp-content\/uploads\/2014\/11\/storiche.png\" alt=\"\" width=\"257\" height=\"350\" srcset=\"https:\/\/lacamporena.it\/wp-content\/uploads\/2014\/11\/storiche.png 257w, https:\/\/lacamporena.it\/wp-content\/uploads\/2014\/11\/storiche-220x300.png 220w\" sizes=\"(max-width: 257px) 100vw, 257px\" \/><\/a><\/p>\n<div style=\"font-size: 29px; color: #fff; font-style: italic; margin-bottom: 20px; font-family: georgia;\">Mio Padre aveva un sogno&#8230;<\/div>\n<p>Quando la guerra pass\u00f2 da Firenze, mio padre, primo di tre figli, era un giovane uomo, allora a tredici anni si era gi\u00e0 uomini. La guerra aveva portato via tutto alla sua famiglia di commercianti. Ma con un sogno la fame passa e si ricomincia a vivere e a lavorare. Con la sua bicicletta e con l&#8217;impegno il lavoro riprendeva. Il cavallo sostitu\u00ec la bicicletta, poi al cavallo segu\u00ec il primo camion. Mio padre aveva un sogno. Il lavoro, il rispetto dei clienti, l&#8217;intuito che lo guidava in ogni sua scelta, lo port\u00f2 a cambiare la sua vita e quella della sua famiglia. Cos\u00ed con quel sogno giunse a Greve, nel Chianti, dove compr\u00f2 La Camporena. Qui cominci\u00f2 la sua nuova avventura, fatta ancora di sacrifici ma ricambiata da grandi soddisfazioni. Un lavoro diverso in un mondo completamente diverso. Quanta fatica, quanto sudore da quella fronte piena di pensieri e preoccupazioni. Quanta determinazione ed ambizione in quella mente. Mio padre aveva un sogno, crescere ancora. Una nuova svolta, creare un agriturismo. Un giorno mentre curiosavo tra la raccolta di bottiglie di vino di quasi tutte le aziende della zona, me ne capit\u00f2 per caso una del 1967, anno della mia nascita, il cuore si ferm\u00f2 e capii. L&#8217;etichetta era della Camporena. Mio padre aveva un sogno e da l\u00ec inizio il mio. Ho iniziato nel 2006 a produrre il mio vino con amore e con persone che come me lavorano con le mani ed il cuore. Oggi con orgoglio presento il mio vino, cercando di racchiudere in un calice l&#8217;essenza della vita, i duri mesi di lavoro e di attesa per poter arrivare al risultato sperato. Perch\u00e9 contrariamente a quanto molti credono, il vino non nasce in cantina. Il vino viene dalla terra, dalla vite, dal sudore e dalla dedizione. Io ho un sogno, e quando porterete alle labbra il mio vino, lui potr\u00e0 raccontarvelo. Dedicato a mio padre, il pi\u00f9 grande uomo della mia vita.<\/p>\n<p><span style=\"color: #fff; font-style: italic; font-family: georgia;\"><em>Giorgio Giorgi &#8211; classe 1927<\/em><\/span><\/p>\n<\/div>\n\n\t\t<\/div> <!-- .et_pb_text -->\n\t\t<\/div> <!-- .et_pb_column -->\n\t\t<\/div> <!-- .et_pb_row -->\n\t\t\t\n\t\t<\/div> <!-- .et_pb_section --><div class=\"et_pb_section home_news et_section_regular\" style='background-color:#ae6868;background-image:url(https:\/\/lacamporena.it\/wp-content\/uploads\/2014\/07\/italy-sienna-palio-di-siena.jpg);'>\n\t\t\t\n\t\t\t\n\t\t\t\t\n\t\t\t\t<div class=\"et_pb_row\">\n\t\t\t<div class=\"et_pb_column et_pb_column_4_4\">\n\t\t\t<div class=\"et_pb_text et_pb_bg_layout_light et_pb_text_align_left\">\n\t\t\t<ul class=\"lcp_catlist\" id=\"lcp_instance_0\"><li><a href=\"https:\/\/lacamporena.it\/?p=3609\" class=\"title_news_home\">EVENTI ANNUALI<\/a><span><a href=\"https:\/\/lacamporena.it\/?p=3609\" title=\"EVENTI ANNUALI\"><img width=\"1024\" height=\"687\" src=\"https:\/\/lacamporena.it\/wp-content\/uploads\/2014\/07\/arezzo-giostra-saracino-1024x687.jpg\" class=\"thumb_news_home wp-post-image\" alt=\"EVENTI ANNUALI\" decoding=\"async\" loading=\"lazy\" srcset=\"https:\/\/lacamporena.it\/wp-content\/uploads\/2014\/07\/arezzo-giostra-saracino-1024x687.jpg 1024w, https:\/\/lacamporena.it\/wp-content\/uploads\/2014\/07\/arezzo-giostra-saracino-300x201.jpg 300w, https:\/\/lacamporena.it\/wp-content\/uploads\/2014\/07\/arezzo-giostra-saracino-510x342.jpg 510w, https:\/\/lacamporena.it\/wp-content\/uploads\/2014\/07\/arezzo-giostra-saracino-1080x724.jpg 1080w, https:\/\/lacamporena.it\/wp-content\/uploads\/2014\/07\/arezzo-giostra-saracino.jpg 1800w\" sizes=\"(max-width: 1024px) 100vw, 1024px\" \/><\/a><\/span><div class=\"excerpt_news_home\">Molti eventi si ripetono ogni anno in Toscana, l&#8217;Agriturismo Anna ve ne consiglia alcuni per vivere dei momenti di gioia ...<\/div><a href=\"https:\/\/lacamporena.it\/?p=3609\" class=\"more_news_home\">Leggi tutto<\/a><\/li><\/ul>\n\t\t<\/div> <!-- .et_pb_text -->\n\t\t<\/div> <!-- .et_pb_column -->\n\t\t<\/div> <!-- .et_pb_row -->\n\t\t\t\n\t\t<\/div> <!-- .et_pb_section --><div class=\"et_pb_section et_pb_inner_shadow et_section_regular\" style='background-color:#ae6868;'>\n\t\t\t\n\t\t\t\n\t\t\t\t\n\t\t\t\t<div class=\"et_pb_row\">\n\t\t\t<div class=\"et_pb_column et_pb_column_1_4\">\n\t\t\t<div class=\"et_pb_blurb et_pb_bg_layout_light et_pb_text_align_center homeBlurb et_pb_blurb_position_top\">\n\t\t\t<div class=\"et_pb_blurb_content\">\n\t\t\t\t<div class=\"et_pb_main_blurb_image\"><a href=\"https:\/\/lacamporena.it\/?product=chianti-classico-d-c-g-camporena-2010-lt-0750\/\"><img src=\"https:\/\/lacamporena.it\/wp-content\/uploads\/2014\/07\/chianti-classico-docg.jpg\" alt=\" CHIANTI CLASSICO D.O.C.G. LA CAMPORENA \u2013 LT 0,750\" class=\"et-waypoint et_pb_animation_top\" \/><\/a><\/div>\n\t\t\t\t<h4><a href=\"https:\/\/lacamporena.it\/?product=chianti-classico-d-c-g-camporena-2010-lt-0750\/\"> CHIANTI CLASSICO D.O.C.G. LA CAMPORENA 2010 \u2013 LT 0,750<\/a><\/h4>\n\t\t\t\t\n\t\t\t<\/div> <!-- .et_pb_blurb_content -->\n\t\t<\/div> <!-- .et_pb_blurb -->\n\t\t<\/div> <!-- .et_pb_column --><div class=\"et_pb_column et_pb_column_1_4\">\n\t\t\t<div class=\"et_pb_blurb et_pb_bg_layout_light et_pb_text_align_center homeBlurb et_pb_blurb_position_top\">\n\t\t\t<div class=\"et_pb_blurb_content\">\n\t\t\t\t<div class=\"et_pb_main_blurb_image\"><a href=\"https:\/\/lacamporena.it\/?product=chianti-classico-d-c-g-riserva-2010-lt-0750\"><img src=\"https:\/\/lacamporena.it\/wp-content\/uploads\/2014\/07\/chianti-classico-docg-riserva.jpg\" alt=\"CHIANTI CLASSICO D.O.C.G. RISERVA \u2013 LT 0,750\" class=\"et-waypoint et_pb_animation_top\" \/><\/a><\/div>\n\t\t\t\t<h4><a href=\"https:\/\/lacamporena.it\/?product=chianti-classico-d-c-g-riserva-2010-lt-0750\">CHIANTI CLASSICO D.O.C.G. RISERVA 2010 \u2013 LT 0,750<\/a><\/h4>\n\t\t\t\t\n\t\t\t<\/div> <!-- .et_pb_blurb_content -->\n\t\t<\/div> <!-- .et_pb_blurb -->\n\t\t<\/div> <!-- .et_pb_column --><div class=\"et_pb_column et_pb_column_1_4\">\n\t\t\t<div class=\"et_pb_blurb et_pb_bg_layout_light et_pb_text_align_center homeBlurb et_pb_blurb_position_top\">\n\t\t\t<div class=\"et_pb_blurb_content\">\n\t\t\t\t<div class=\"et_pb_main_blurb_image\"><a href=\"https:\/\/lacamporena.it\/?product=grappa-chianti-classico-camporena-lt-0500\"><img src=\"https:\/\/lacamporena.it\/wp-content\/uploads\/2014\/07\/grappa-chianti-classico.jpg\" alt=\"GRAPPA DI CHIANTI CLASSICO LA CAMPORENA \u2013 LT 0,500\" class=\"et-waypoint et_pb_animation_top\" \/><\/a><\/div>\n\t\t\t\t<h4><a href=\"https:\/\/lacamporena.it\/?product=grappa-chianti-classico-camporena-lt-0500\">GRAPPA DI CHIANTI CLASSICO LA CAMPORENA<\/a><\/h4>\n\t\t\t\t\n\t\t\t<\/div> <!-- .et_pb_blurb_content -->\n\t\t<\/div> <!-- .et_pb_blurb -->\n\t\t<\/div> <!-- .et_pb_column --><div class=\"et_pb_column et_pb_column_1_4\">\n\t\t\t<div class=\"et_pb_blurb et_pb_bg_layout_light et_pb_text_align_center homeBlurb et_pb_blurb_position_top\">\n\t\t\t<div class=\"et_pb_blurb_content\">\n\t\t\t\t<div class=\"et_pb_main_blurb_image\"><a href=\"https:\/\/lacamporena.it\/?product=olio-extravergine-oliva-camporena-0750-lt\"><img src=\"https:\/\/lacamporena.it\/wp-content\/uploads\/2014\/07\/olio-extra-vergine.jpg\" alt=\"OLIO EXTRAVERGINE DI OLIVA LA CAMPORENA 0,750 LT\" class=\"et-waypoint et_pb_animation_top\" \/><\/a><\/div>\n\t\t\t\t<h4><a href=\"https:\/\/lacamporena.it\/?product=olio-extravergine-oliva-camporena-0750-lt\">OLIO EXTRAVERGINE DI OLIVA LA CAMPORENA <\/a><\/h4>\n\t\t\t\t\n\t\t\t<\/div> <!-- .et_pb_blurb_content -->\n\t\t<\/div> <!-- .et_pb_blurb -->\n\t\t<\/div> <!-- .et_pb_column -->\n\t\t<\/div> <!-- .et_pb_row -->\n\t\t\t\n\t\t<\/div> <!-- .et_pb_section --><\/p>\n<div style=\"font-size: 16px; color: #3e3e3e; padding: 35px; background-color: #3e3e3e;\">\n<p><a href=\"https:\/\/lacamporena.it\/wp-content\/uploads\/2014\/11\/storiche.png\" data-rel=\"lightbox-image-0\" data-rl_title=\"\" data-rl_caption=\"\" title=\"\"><img decoding=\"async\" loading=\"lazy\" class=\"fotoStorica alignleft wp-image-4834 size-full\" src=\"https:\/\/lacamporena.it\/wp-content\/uploads\/2014\/11\/storiche.png\" alt=\"\" width=\"257\" height=\"350\" srcset=\"https:\/\/lacamporena.it\/wp-content\/uploads\/2014\/11\/storiche.png 257w, https:\/\/lacamporena.it\/wp-content\/uploads\/2014\/11\/storiche-220x300.png 220w\" sizes=\"(max-width: 257px) 100vw, 257px\" \/><\/a><\/p>\n<div style=\"font-size: 29px; color: #fff; font-style: italic; margin-bottom: 20px; font-family: georgia;\">\n<h1 style=\"font-size: 29px; color: #fff; font-style: italic; margin-bottom: 20px; font-family: georgia;\">Agriturismo La Camporena &#8211; Greve in Chianti<\/h1>\n<\/div>\n<p style=\"font-size: 17px; color: #fff;\">Se state cercando relax nelle colline del Chianti, l&#8217;Agriturismo La Camporena a Greve in Chianti fa al caso vostro.<\/p>\n<p style=\"font-size: 17px; color: #fff;\">Immerso in 33 ettari, tra vigneti e oliveti secolari, vi accoglier\u00e0 con genuina ospitalit\u00e0 nelle sue camere dotate di ogni comfort. Potrete soggiornare nelle deliziose camere matrimoniali con ampia vista sul verde del Chianti, o regalarvi una romantica fuga nella <a href=\"https:\/\/lacamporena.it\/?page_id=2668\">Suite con idromassaggio privato in camera<\/a>.<\/p>\n<p style=\"font-size: 17px; color: #fff;\">Durante il soggiorno potrete rilassarvi nella splendida <a href=\"https:\/\/lacamporena.it\/?page_id=1993\">piscina all&#8217;aperto nel bel mezzo del Chianti<\/a>, godendo del magnifico paesaggio tra le colline toscane. La colazione a buffet e la cena a base di prodotti biologici coltivati in azienda appagheranno il palato.<\/p>\n<p style=\"font-size: 17px; color: #fff;\">Nell&#8217;<a href=\"https:\/\/lacamporena.it\/\"><strong>Agriturismo La Camporena<\/strong><\/a>, il luogo ideale per una vacanza en plein air tra le dolci <strong>colline del Chianti<\/strong> di <strong>Greve in Chianti<\/strong>. Un suggestivo <a href=\"https:\/\/lacamporena.it\/?page_id=1976\"><strong>agriturismo romantico<\/strong><\/a> immerso nella natura, dove concedersi una fuga di charme in una delle sue accoglienti <strong>camere<\/strong> o nella romantica <strong>suite<\/strong> ideale per <strong>una vacanza per due<\/strong>.<\/p>\n<\/div>\n<\/div>\n","protected":false},"excerpt":{"rendered":"<p>Agriturismo La Camporena &#8211; Greve in Chianti Se state cercando relax nelle colline del Chianti, l&#8217;Agriturismo La Camporena a Greve in Chianti fa al caso vostro. Immerso in 33 ettari, tra vigneti e oliveti secolari, vi accoglier\u00e0 con genuina ospitalit\u00e0 nelle sue camere dotate di ogni comfort. Potrete soggiornare nelle deliziose camere matrimoniali con ampia [&hellip;]<\/p>\n","protected":false},"author":12,"featured_media":0,"parent":0,"menu_order":0,"comment_status":"open","ping_status":"closed","template":"","meta":{"_expiration-date-status":"saved","_expiration-date":0,"_expiration-date-type":"","_expiration-date-categories":[],"_expiration-date-options":[]},"categories":[],"tags":[],"_links":{"self":[{"href":"https:\/\/lacamporena.it\/index.php?rest_route=\/wp\/v2\/pages\/2238"}],"collection":[{"href":"https:\/\/lacamporena.it\/index.php?rest_route=\/wp\/v2\/pages"}],"about":[{"href":"https:\/\/lacamporena.it\/index.php?rest_route=\/wp\/v2\/types\/page"}],"author":[{"embeddable":true,"href":"https:\/\/lacamporena.it\/index.php?rest_route=\/wp\/v2\/users\/12"}],"replies":[{"embeddable":true,"href":"https:\/\/lacamporena.it\/index.php?rest_route=%2Fwp%2Fv2%2Fcomments&post=2238"}],"version-history":[{"count":1,"href":"https:\/\/lacamporena.it\/index.php?rest_route=\/wp\/v2\/pages\/2238\/revisions"}],"predecessor-version":[{"id":4962,"href":"https:\/\/lacamporena.it\/index.php?rest_route=\/wp\/v2\/pages\/2238\/revisions\/4962"}],"wp:attachment":[{"href":"https:\/\/lacamporena.it\/index.php?rest_route=%2Fwp%2Fv2%2Fmedia&parent=2238"}],"wp:term":[{"taxonomy":"category","embeddable":true,"href":"https:\/\/lacamporena.it\/index.php?rest_route=%2Fwp%2Fv2%2Fcategories&post=2238"},{"taxonomy":"post_tag","embeddable":true,"href":"https:\/\/lacamporena.it\/index.php?rest_route=%2Fwp%2Fv2%2Ftags&post=2238"}],"curies":[{"name":"wp","href":"https:\/\/api.w.org\/{rel}","templated":true}]}}