{"id":1999,"date":"2014-07-01T16:51:47","date_gmt":"2014-07-01T14:51:47","guid":{"rendered":"http:\/\/www.lacamporena.it\/agriturismo\/esterni\/"},"modified":"2014-09-23T23:08:22","modified_gmt":"2014-09-23T21:08:22","slug":"outdoor","status":"publish","type":"page","link":"https:\/\/lacamporena.it\/?page_id=1999","title":{"rendered":"Outdoor"},"content":{"rendered":"<p>Kaum angenommen in unserem Agriturismo, wartet auf Sie die gro\u03b2e <strong>Aussichtsterrasse<\/strong> mit Blick\u00a0\u00fcber das Chianti-Gebiet. Sie werden es lieben, w\u00e4hrend Ihres Aufenthaltes bei uns dort zu verweilen. Die Holzb\u00e4nke und die bequemen Gartenliegen auf der Aussichtsterrasse laden Sie ein, die Ruhe und die zauberhafte Atmosph\u00e4re unseres Agriturismo zu genie\u03b2en.<\/p>\n<p>Probieren Sie ein gutes Glas Chianti Classico D.O.C.G. La Camporena am Abend auf der Terrasse, wenn die Sonne hinter den H\u00fcgeln des Chianti untergeht &#8211; wir k\u00f6nnen Ihnen dieses Erlebnis nur emphelen!<\/p>\n<p>Der <strong>Park<\/strong> um den Agriturismo herum ist nicht eingez\u00e4unt, Sie k\u00f6nnen\u00a0\u00fcberall herumlaufen, wie und wo Sie m\u00f6chten. Hier und dort finden Sie Sitzb\u00e4nke, die Sie einladen, friedlich und ganz abgeschieden zu reden, \u00a0zu lesen und zu lesen.<\/p>\n","protected":false},"excerpt":{"rendered":"<p>Kaum angenommen in unserem Agriturismo, wartet auf Sie die gro\u03b2e Aussichtsterrasse mit Blick\u00a0\u00fcber das Chianti-Gebiet. Sie werden es lieben, w\u00e4hrend Ihres Aufenthaltes bei uns dort zu verweilen. Die Holzb\u00e4nke und die bequemen Gartenliegen auf der Aussichtsterrasse laden Sie ein, die Ruhe und die zauberhafte Atmosph\u00e4re unseres Agriturismo zu genie\u03b2en. Probieren Sie ein gutes Glas Chianti [&hellip;]<\/p>\n","protected":false},"author":12,"featured_media":3086,"parent":1982,"menu_order":0,"comment_status":"open","ping_status":"open","template":"","meta":{"_expiration-date-status":"saved","_expiration-date":0,"_expiration-date-type":"","_expiration-date-categories":[],"_expiration-date-options":[]},"categories":[],"tags":[],"_links":{"self":[{"href":"https:\/\/lacamporena.it\/index.php?rest_route=\/wp\/v2\/pages\/1999"}],"collection":[{"href":"https:\/\/lacamporena.it\/index.php?rest_route=\/wp\/v2\/pages"}],"about":[{"href":"https:\/\/lacamporena.it\/index.php?rest_route=\/wp\/v2\/types\/page"}],"author":[{"embeddable":true,"href":"https:\/\/lacamporena.it\/index.php?rest_route=\/wp\/v2\/users\/12"}],"replies":[{"embeddable":true,"href":"https:\/\/lacamporena.it\/index.php?rest_route=%2Fwp%2Fv2%2Fcomments&post=1999"}],"version-history":[{"count":0,"href":"https:\/\/lacamporena.it\/index.php?rest_route=\/wp\/v2\/pages\/1999\/revisions"}],"up":[{"embeddable":true,"href":"https:\/\/lacamporena.it\/index.php?rest_route=\/wp\/v2\/pages\/1982"}],"wp:featuredmedia":[{"embeddable":true,"href":"https:\/\/lacamporena.it\/index.php?rest_route=\/wp\/v2\/media\/3086"}],"wp:attachment":[{"href":"https:\/\/lacamporena.it\/index.php?rest_route=%2Fwp%2Fv2%2Fmedia&parent=1999"}],"wp:term":[{"taxonomy":"category","embeddable":true,"href":"https:\/\/lacamporena.it\/index.php?rest_route=%2Fwp%2Fv2%2Fcategories&post=1999"},{"taxonomy":"post_tag","embeddable":true,"href":"https:\/\/lacamporena.it\/index.php?rest_route=%2Fwp%2Fv2%2Ftags&post=1999"}],"curies":[{"name":"wp","href":"https:\/\/api.w.org\/{rel}","templated":true}]}}