{"id":1996,"date":"2014-07-01T16:49:49","date_gmt":"2014-07-01T14:49:49","guid":{"rendered":"http:\/\/www.lacamporena.it\/agriturismo\/interni\/"},"modified":"2014-09-24T22:29:49","modified_gmt":"2014-09-24T20:29:49","slug":"indoor","status":"publish","type":"page","link":"https:\/\/lacamporena.it\/?page_id=1996","title":{"rendered":"Indoor"},"content":{"rendered":"<p>Alle unsere R\u00e4umlichkeiten stehen unseren G\u00e4sten zu Verf\u00fcgung. Bleiben Sie an kalten oder regnerischen Tagen doch einfach im Saal des Restaurants, dort, wo wir morgens das Fr\u00fchstuck servieren. Rund um die Theke im Restaurant finden Sie zwei bequeme Sofas, in diesem Bereich k\u00f6nnen Sie lesen, schreiben oder chatten &#8211; der Raum verf\u00fcgt\u00a0\u00fcber wi-fi-Zugang.<\/p>\n\n\t\t<style type=\"text\/css\">\n\t\t\t#gallery-1 {\n\t\t\t\tmargin: auto;\n\t\t\t}\n\t\t\t#gallery-1 .gallery-item {\n\t\t\t\tfloat: left;\n\t\t\t\tmargin-top: 10px;\n\t\t\t\ttext-align: center;\n\t\t\t\twidth: 33%;\n\t\t\t}\n\t\t\t#gallery-1 img {\n\t\t\t\tborder: 2px solid #cfcfcf;\n\t\t\t}\n\t\t\t#gallery-1 .gallery-caption {\n\t\t\t\tmargin-left: 0;\n\t\t\t}\n\t\t\t\/* see gallery_shortcode() in wp-includes\/media.php *\/\n\t\t<\/style>\n\t\t<div id='gallery-1' class='gallery galleryid-1996 gallery-columns-3 gallery-size-thumbnail'><dl class='gallery-item'>\n\t\t\t<dt class='gallery-icon landscape'>\n\t\t\t\t<a href='https:\/\/lacamporena.it\/wp-content\/uploads\/2014\/07\/Panoramica-sala-colazioni.jpg' title=\"\" data-rl_title=\"\" class=\"rl-gallery-link\" data-rl_caption=\"\" data-rel=\"lightbox-gallery-1\"><img width=\"150\" height=\"150\" src=\"https:\/\/lacamporena.it\/wp-content\/uploads\/2014\/07\/Panoramica-sala-colazioni-150x150.jpg\" class=\"attachment-thumbnail size-thumbnail\" alt=\"Colazione in Agriturismo\" decoding=\"async\" loading=\"lazy\" srcset=\"https:\/\/lacamporena.it\/wp-content\/uploads\/2014\/07\/Panoramica-sala-colazioni-150x150.jpg 150w, https:\/\/lacamporena.it\/wp-content\/uploads\/2014\/07\/Panoramica-sala-colazioni-157x157.jpg 157w, https:\/\/lacamporena.it\/wp-content\/uploads\/2014\/07\/Panoramica-sala-colazioni-400x400.jpg 400w\" sizes=\"(max-width: 150px) 100vw, 150px\" \/><\/a>\n\t\t\t<\/dt><\/dl><dl class='gallery-item'>\n\t\t\t<dt class='gallery-icon landscape'>\n\t\t\t\t<a href='https:\/\/lacamporena.it\/wp-content\/uploads\/2014\/07\/angolo-bar-agriturismo-anna.jpg' title=\"\" data-rl_title=\"\" class=\"rl-gallery-link\" data-rl_caption=\"\" data-rel=\"lightbox-gallery-1\"><img width=\"150\" height=\"150\" src=\"https:\/\/lacamporena.it\/wp-content\/uploads\/2014\/07\/angolo-bar-agriturismo-anna-150x150.jpg\" class=\"attachment-thumbnail size-thumbnail\" alt=\"Ospitalit\u00e0 in Chianti\" decoding=\"async\" loading=\"lazy\" srcset=\"https:\/\/lacamporena.it\/wp-content\/uploads\/2014\/07\/angolo-bar-agriturismo-anna-150x150.jpg 150w, https:\/\/lacamporena.it\/wp-content\/uploads\/2014\/07\/angolo-bar-agriturismo-anna-157x157.jpg 157w, https:\/\/lacamporena.it\/wp-content\/uploads\/2014\/07\/angolo-bar-agriturismo-anna-400x400.jpg 400w\" sizes=\"(max-width: 150px) 100vw, 150px\" \/><\/a>\n\t\t\t<\/dt><\/dl><dl class='gallery-item'>\n\t\t\t<dt class='gallery-icon portrait'>\n\t\t\t\t<a href='https:\/\/lacamporena.it\/wp-content\/uploads\/2014\/07\/sala-ristorante.jpg' title=\"\" data-rl_title=\"\" class=\"rl-gallery-link\" data-rl_caption=\"\" data-rel=\"lightbox-gallery-1\"><img width=\"150\" height=\"150\" src=\"https:\/\/lacamporena.it\/wp-content\/uploads\/2014\/07\/sala-ristorante-150x150.jpg\" class=\"attachment-thumbnail size-thumbnail\" alt=\"Sala ristorante Agriturismo Anna\" decoding=\"async\" loading=\"lazy\" srcset=\"https:\/\/lacamporena.it\/wp-content\/uploads\/2014\/07\/sala-ristorante-150x150.jpg 150w, https:\/\/lacamporena.it\/wp-content\/uploads\/2014\/07\/sala-ristorante-157x157.jpg 157w, https:\/\/lacamporena.it\/wp-content\/uploads\/2014\/07\/sala-ristorante-400x400.jpg 400w\" sizes=\"(max-width: 150px) 100vw, 150px\" \/><\/a>\n\t\t\t<\/dt><\/dl><br style=\"clear: both\" \/><dl class='gallery-item'>\n\t\t\t<dt class='gallery-icon portrait'>\n\t\t\t\t<a href='https:\/\/lacamporena.it\/wp-content\/uploads\/2014\/07\/ristorante-sala-interna.jpg' title=\"\" data-rl_title=\"\" class=\"rl-gallery-link\" data-rl_caption=\"\" data-rel=\"lightbox-gallery-1\"><img width=\"150\" height=\"150\" src=\"https:\/\/lacamporena.it\/wp-content\/uploads\/2014\/07\/ristorante-sala-interna-150x150.jpg\" class=\"attachment-thumbnail size-thumbnail\" alt=\"Sala interna ristorante a Greve in Chianti\" decoding=\"async\" loading=\"lazy\" srcset=\"https:\/\/lacamporena.it\/wp-content\/uploads\/2014\/07\/ristorante-sala-interna-150x150.jpg 150w, https:\/\/lacamporena.it\/wp-content\/uploads\/2014\/07\/ristorante-sala-interna-157x157.jpg 157w, https:\/\/lacamporena.it\/wp-content\/uploads\/2014\/07\/ristorante-sala-interna-400x400.jpg 400w\" sizes=\"(max-width: 150px) 100vw, 150px\" \/><\/a>\n\t\t\t<\/dt><\/dl><dl class='gallery-item'>\n\t\t\t<dt class='gallery-icon landscape'>\n\t\t\t\t<a href='https:\/\/lacamporena.it\/wp-content\/uploads\/2014\/07\/tavolo-per-la-colazione.jpg' title=\"\" data-rl_title=\"\" class=\"rl-gallery-link\" data-rl_caption=\"\" data-rel=\"lightbox-gallery-1\"><img width=\"150\" height=\"150\" src=\"https:\/\/lacamporena.it\/wp-content\/uploads\/2014\/07\/tavolo-per-la-colazione-150x150.jpg\" class=\"attachment-thumbnail size-thumbnail\" alt=\"Agriturismo Anna colazione\" decoding=\"async\" loading=\"lazy\" srcset=\"https:\/\/lacamporena.it\/wp-content\/uploads\/2014\/07\/tavolo-per-la-colazione-150x150.jpg 150w, https:\/\/lacamporena.it\/wp-content\/uploads\/2014\/07\/tavolo-per-la-colazione-157x157.jpg 157w, https:\/\/lacamporena.it\/wp-content\/uploads\/2014\/07\/tavolo-per-la-colazione-400x400.jpg 400w\" sizes=\"(max-width: 150px) 100vw, 150px\" \/><\/a>\n\t\t\t<\/dt><\/dl><dl class='gallery-item'>\n\t\t\t<dt class='gallery-icon landscape'>\n\t\t\t\t<a href='https:\/\/lacamporena.it\/wp-content\/uploads\/2014\/07\/sala-della-colazione.jpg' title=\"\" data-rl_title=\"\" class=\"rl-gallery-link\" data-rl_caption=\"\" data-rel=\"lightbox-gallery-1\"><img width=\"150\" height=\"150\" src=\"https:\/\/lacamporena.it\/wp-content\/uploads\/2014\/07\/sala-della-colazione-150x150.jpg\" class=\"attachment-thumbnail size-thumbnail\" alt=\"Sala della Colazione\" decoding=\"async\" loading=\"lazy\" srcset=\"https:\/\/lacamporena.it\/wp-content\/uploads\/2014\/07\/sala-della-colazione-150x150.jpg 150w, https:\/\/lacamporena.it\/wp-content\/uploads\/2014\/07\/sala-della-colazione-157x157.jpg 157w, https:\/\/lacamporena.it\/wp-content\/uploads\/2014\/07\/sala-della-colazione-400x400.jpg 400w\" sizes=\"(max-width: 150px) 100vw, 150px\" \/><\/a>\n\t\t\t<\/dt><\/dl><br style=\"clear: both\" \/><dl class='gallery-item'>\n\t\t\t<dt class='gallery-icon landscape'>\n\t\t\t\t<a href='https:\/\/lacamporena.it\/wp-content\/uploads\/2014\/07\/divani-angolo-bar.jpg' title=\"\" data-rl_title=\"\" class=\"rl-gallery-link\" data-rl_caption=\"\" data-rel=\"lightbox-gallery-1\"><img width=\"150\" height=\"150\" src=\"https:\/\/lacamporena.it\/wp-content\/uploads\/2014\/07\/divani-angolo-bar-150x150.jpg\" class=\"attachment-thumbnail size-thumbnail\" alt=\"Accoglienza e ospitalit\u00e0 Agriturismo Anna\" decoding=\"async\" loading=\"lazy\" srcset=\"https:\/\/lacamporena.it\/wp-content\/uploads\/2014\/07\/divani-angolo-bar-150x150.jpg 150w, https:\/\/lacamporena.it\/wp-content\/uploads\/2014\/07\/divani-angolo-bar-157x157.jpg 157w, https:\/\/lacamporena.it\/wp-content\/uploads\/2014\/07\/divani-angolo-bar-400x400.jpg 400w\" sizes=\"(max-width: 150px) 100vw, 150px\" \/><\/a>\n\t\t\t<\/dt><\/dl><dl class='gallery-item'>\n\t\t\t<dt class='gallery-icon portrait'>\n\t\t\t\t<a href='https:\/\/lacamporena.it\/wp-content\/uploads\/2014\/07\/vista-dalla-sala-degustazione-cantina-P.jpg' title=\"\" data-rl_title=\"\" class=\"rl-gallery-link\" data-rl_caption=\"\" data-rel=\"lightbox-gallery-1\"><img width=\"150\" height=\"150\" src=\"https:\/\/lacamporena.it\/wp-content\/uploads\/2014\/07\/vista-dalla-sala-degustazione-cantina-P-150x150.jpg\" class=\"attachment-thumbnail size-thumbnail\" alt=\"Vista dalla sala degustazione\" decoding=\"async\" loading=\"lazy\" srcset=\"https:\/\/lacamporena.it\/wp-content\/uploads\/2014\/07\/vista-dalla-sala-degustazione-cantina-P-150x150.jpg 150w, https:\/\/lacamporena.it\/wp-content\/uploads\/2014\/07\/vista-dalla-sala-degustazione-cantina-P-50x50.jpg 50w, https:\/\/lacamporena.it\/wp-content\/uploads\/2014\/07\/vista-dalla-sala-degustazione-cantina-P-90x90.jpg 90w, https:\/\/lacamporena.it\/wp-content\/uploads\/2014\/07\/vista-dalla-sala-degustazione-cantina-P-300x300.jpg 300w\" sizes=\"(max-width: 150px) 100vw, 150px\" \/><\/a>\n\t\t\t<\/dt><\/dl><dl class='gallery-item'>\n\t\t\t<dt class='gallery-icon landscape'>\n\t\t\t\t<a href='https:\/\/lacamporena.it\/wp-content\/uploads\/2014\/07\/saletta-degustazione-cantina.jpg' title=\"\" data-rl_title=\"\" class=\"rl-gallery-link\" data-rl_caption=\"\" data-rel=\"lightbox-gallery-1\"><img width=\"150\" height=\"150\" src=\"https:\/\/lacamporena.it\/wp-content\/uploads\/2014\/07\/saletta-degustazione-cantina-150x150.jpg\" class=\"attachment-thumbnail size-thumbnail\" alt=\"Sala degustazioni Agriturismo Anna\" decoding=\"async\" loading=\"lazy\" srcset=\"https:\/\/lacamporena.it\/wp-content\/uploads\/2014\/07\/saletta-degustazione-cantina-150x150.jpg 150w, https:\/\/lacamporena.it\/wp-content\/uploads\/2014\/07\/saletta-degustazione-cantina-157x157.jpg 157w, https:\/\/lacamporena.it\/wp-content\/uploads\/2014\/07\/saletta-degustazione-cantina-400x400.jpg 400w\" sizes=\"(max-width: 150px) 100vw, 150px\" \/><\/a>\n\t\t\t<\/dt><\/dl><br style=\"clear: both\" \/>\n\t\t<\/div>\n\n","protected":false},"excerpt":{"rendered":"<p>Alle unsere R\u00e4umlichkeiten stehen unseren G\u00e4sten zu Verf\u00fcgung. Bleiben Sie an kalten oder regnerischen Tagen doch einfach im Saal des Restaurants, dort, wo wir morgens das Fr\u00fchstuck servieren. Rund um die Theke im Restaurant finden Sie zwei bequeme Sofas, in diesem Bereich k\u00f6nnen Sie lesen, schreiben oder chatten &#8211; der Raum verf\u00fcgt\u00a0\u00fcber wi-fi-Zugang.<\/p>\n","protected":false},"author":12,"featured_media":3877,"parent":1982,"menu_order":0,"comment_status":"open","ping_status":"open","template":"","meta":{"_expiration-date-status":"saved","_expiration-date":0,"_expiration-date-type":"","_expiration-date-categories":[],"_expiration-date-options":[]},"categories":[],"tags":[],"_links":{"self":[{"href":"https:\/\/lacamporena.it\/index.php?rest_route=\/wp\/v2\/pages\/1996"}],"collection":[{"href":"https:\/\/lacamporena.it\/index.php?rest_route=\/wp\/v2\/pages"}],"about":[{"href":"https:\/\/lacamporena.it\/index.php?rest_route=\/wp\/v2\/types\/page"}],"author":[{"embeddable":true,"href":"https:\/\/lacamporena.it\/index.php?rest_route=\/wp\/v2\/users\/12"}],"replies":[{"embeddable":true,"href":"https:\/\/lacamporena.it\/index.php?rest_route=%2Fwp%2Fv2%2Fcomments&post=1996"}],"version-history":[{"count":0,"href":"https:\/\/lacamporena.it\/index.php?rest_route=\/wp\/v2\/pages\/1996\/revisions"}],"up":[{"embeddable":true,"href":"https:\/\/lacamporena.it\/index.php?rest_route=\/wp\/v2\/pages\/1982"}],"wp:featuredmedia":[{"embeddable":true,"href":"https:\/\/lacamporena.it\/index.php?rest_route=\/wp\/v2\/media\/3877"}],"wp:attachment":[{"href":"https:\/\/lacamporena.it\/index.php?rest_route=%2Fwp%2Fv2%2Fmedia&parent=1996"}],"wp:term":[{"taxonomy":"category","embeddable":true,"href":"https:\/\/lacamporena.it\/index.php?rest_route=%2Fwp%2Fv2%2Fcategories&post=1996"},{"taxonomy":"post_tag","embeddable":true,"href":"https:\/\/lacamporena.it\/index.php?rest_route=%2Fwp%2Fv2%2Ftags&post=1996"}],"curies":[{"name":"wp","href":"https:\/\/api.w.org\/{rel}","templated":true}]}}

<p>Alle unsere Räumlichkeiten stehen unseren Gästen zu Verfügung. Bleiben Sie an kalten oder regnerischen Tagen doch einfach im Saal des Restaurants, dort, wo wir morgens das Frühstuck servieren. Rund um die Theke im Restaurant finden Sie zwei bequeme Sofas, in diesem Bereich können Sie lesen, schreiben oder chatten &#8211; der Raum verfügt über wi-fi-Zugang.</p>

		<style type="text/css">
			#gallery-1 {
				margin: auto;
			}
			#gallery-1 .gallery-item {
				float: left;
				margin-top: 10px;
				text-align: center;
				width: 33%;
			}
			#gallery-1 img {
				border: 2px solid #cfcfcf;
			}
			#gallery-1 .gallery-caption {
				margin-left: 0;
			}
			/* see gallery_shortcode() in wp-includes/media.php */
		</style>
		<div id='gallery-1' class='gallery galleryid-1996 gallery-columns-3 gallery-size-thumbnail'><dl class='gallery-item'>
			<dt class='gallery-icon landscape'>
				<a href='https://lacamporena.it/wp-content/uploads/2014/07/Panoramica-sala-colazioni.jpg' title="" data-rl_title="" class="rl-gallery-link" data-rl_caption="" data-rel="lightbox-gallery-1"><img width="150" height="150" src="https://lacamporena.it/wp-content/uploads/2014/07/Panoramica-sala-colazioni-150x150.jpg" class="attachment-thumbnail size-thumbnail" alt="Colazione in Agriturismo" decoding="async" loading="lazy" srcset="https://lacamporena.it/wp-content/uploads/2014/07/Panoramica-sala-colazioni-150x150.jpg 150w, https://lacamporena.it/wp-content/uploads/2014/07/Panoramica-sala-colazioni-157x157.jpg 157w, https://lacamporena.it/wp-content/uploads/2014/07/Panoramica-sala-colazioni-400x400.jpg 400w" sizes="(max-width: 150px) 100vw, 150px" /></a>
			</dt></dl><dl class='gallery-item'>
			<dt class='gallery-icon landscape'>
				<a href='https://lacamporena.it/wp-content/uploads/2014/07/angolo-bar-agriturismo-anna.jpg' title="" data-rl_title="" class="rl-gallery-link" data-rl_caption="" data-rel="lightbox-gallery-1"><img width="150" height="150" src="https://lacamporena.it/wp-content/uploads/2014/07/angolo-bar-agriturismo-anna-150x150.jpg" class="attachment-thumbnail size-thumbnail" alt="Ospitalità in Chianti" decoding="async" loading="lazy" srcset="https://lacamporena.it/wp-content/uploads/2014/07/angolo-bar-agriturismo-anna-150x150.jpg 150w, https://lacamporena.it/wp-content/uploads/2014/07/angolo-bar-agriturismo-anna-157x157.jpg 157w, https://lacamporena.it/wp-content/uploads/2014/07/angolo-bar-agriturismo-anna-400x400.jpg 400w" sizes="(max-width: 150px) 100vw, 150px" /></a>
			</dt></dl><dl class='gallery-item'>
			<dt class='gallery-icon portrait'>
				<a href='https://lacamporena.it/wp-content/uploads/2014/07/sala-ristorante.jpg' title="" data-rl_title="" class="rl-gallery-link" data-rl_caption="" data-rel="lightbox-gallery-1"><img width="150" height="150" src="https://lacamporena.it/wp-content/uploads/2014/07/sala-ristorante-150x150.jpg" class="attachment-thumbnail size-thumbnail" alt="Sala ristorante Agriturismo Anna" decoding="async" loading="lazy" srcset="https://lacamporena.it/wp-content/uploads/2014/07/sala-ristorante-150x150.jpg 150w, https://lacamporena.it/wp-content/uploads/2014/07/sala-ristorante-157x157.jpg 157w, https://lacamporena.it/wp-content/uploads/2014/07/sala-ristorante-400x400.jpg 400w" sizes="(max-width: 150px) 100vw, 150px" /></a>
			</dt></dl><br style="clear: both" /><dl class='gallery-item'>
			<dt class='gallery-icon portrait'>
				<a href='https://lacamporena.it/wp-content/uploads/2014/07/ristorante-sala-interna.jpg' title="" data-rl_title="" class="rl-gallery-link" data-rl_caption="" data-rel="lightbox-gallery-1"><img width="150" height="150" src="https://lacamporena.it/wp-content/uploads/2014/07/ristorante-sala-interna-150x150.jpg" class="attachment-thumbnail size-thumbnail" alt="Sala interna ristorante a Greve in Chianti" decoding="async" loading="lazy" srcset="https://lacamporena.it/wp-content/uploads/2014/07/ristorante-sala-interna-150x150.jpg 150w, https://lacamporena.it/wp-content/uploads/2014/07/ristorante-sala-interna-157x157.jpg 157w, https://lacamporena.it/wp-content/uploads/2014/07/ristorante-sala-interna-400x400.jpg 400w" sizes="(max-width: 150px) 100vw, 150px" /></a>
			</dt></dl><dl class='gallery-item'>
			<dt class='gallery-icon landscape'>
				<a href='https://lacamporena.it/wp-content/uploads/2014/07/tavolo-per-la-colazione.jpg' title="" data-rl_title="" class="rl-gallery-link" data-rl_caption="" data-rel="lightbox-gallery-1"><img width="150" height="150" src="https://lacamporena.it/wp-content/uploads/2014/07/tavolo-per-la-colazione-150x150.jpg" class="attachment-thumbnail size-thumbnail" alt="Agriturismo Anna colazione" decoding="async" loading="lazy" srcset="https://lacamporena.it/wp-content/uploads/2014/07/tavolo-per-la-colazione-150x150.jpg 150w, https://lacamporena.it/wp-content/uploads/2014/07/tavolo-per-la-colazione-157x157.jpg 157w, https://lacamporena.it/wp-content/uploads/2014/07/tavolo-per-la-colazione-400x400.jpg 400w" sizes="(max-width: 150px) 100vw, 150px" /></a>
			</dt></dl><dl class='gallery-item'>
			<dt class='gallery-icon landscape'>
				<a href='https://lacamporena.it/wp-content/uploads/2014/07/sala-della-colazione.jpg' title="" data-rl_title="" class="rl-gallery-link" data-rl_caption="" data-rel="lightbox-gallery-1"><img width="150" height="150" src="https://lacamporena.it/wp-content/uploads/2014/07/sala-della-colazione-150x150.jpg" class="attachment-thumbnail size-thumbnail" alt="Sala della Colazione" decoding="async" loading="lazy" srcset="https://lacamporena.it/wp-content/uploads/2014/07/sala-della-colazione-150x150.jpg 150w, https://lacamporena.it/wp-content/uploads/2014/07/sala-della-colazione-157x157.jpg 157w, https://lacamporena.it/wp-content/uploads/2014/07/sala-della-colazione-400x400.jpg 400w" sizes="(max-width: 150px) 100vw, 150px" /></a>
			</dt></dl><br style="clear: both" /><dl class='gallery-item'>
			<dt class='gallery-icon landscape'>
				<a href='https://lacamporena.it/wp-content/uploads/2014/07/divani-angolo-bar.jpg' title="" data-rl_title="" class="rl-gallery-link" data-rl_caption="" data-rel="lightbox-gallery-1"><img width="150" height="150" src="https://lacamporena.it/wp-content/uploads/2014/07/divani-angolo-bar-150x150.jpg" class="attachment-thumbnail size-thumbnail" alt="Accoglienza e ospitalità Agriturismo Anna" decoding="async" loading="lazy" srcset="https://lacamporena.it/wp-content/uploads/2014/07/divani-angolo-bar-150x150.jpg 150w, https://lacamporena.it/wp-content/uploads/2014/07/divani-angolo-bar-157x157.jpg 157w, https://lacamporena.it/wp-content/uploads/2014/07/divani-angolo-bar-400x400.jpg 400w" sizes="(max-width: 150px) 100vw, 150px" /></a>
			</dt></dl><dl class='gallery-item'>
			<dt class='gallery-icon portrait'>
				<a href='https://lacamporena.it/wp-content/uploads/2014/07/vista-dalla-sala-degustazione-cantina-P.jpg' title="" data-rl_title="" class="rl-gallery-link" data-rl_caption="" data-rel="lightbox-gallery-1"><img width="150" height="150" src="https://lacamporena.it/wp-content/uploads/2014/07/vista-dalla-sala-degustazione-cantina-P-150x150.jpg" class="attachment-thumbnail size-thumbnail" alt="Vista dalla sala degustazione" decoding="async" loading="lazy" srcset="https://lacamporena.it/wp-content/uploads/2014/07/vista-dalla-sala-degustazione-cantina-P-150x150.jpg 150w, https://lacamporena.it/wp-content/uploads/2014/07/vista-dalla-sala-degustazione-cantina-P-50x50.jpg 50w, https://lacamporena.it/wp-content/uploads/2014/07/vista-dalla-sala-degustazione-cantina-P-90x90.jpg 90w, https://lacamporena.it/wp-content/uploads/2014/07/vista-dalla-sala-degustazione-cantina-P-300x300.jpg 300w" sizes="(max-width: 150px) 100vw, 150px" /></a>
			</dt></dl><dl class='gallery-item'>
			<dt class='gallery-icon landscape'>
				<a href='https://lacamporena.it/wp-content/uploads/2014/07/saletta-degustazione-cantina.jpg' title="" data-rl_title="" class="rl-gallery-link" data-rl_caption="" data-rel="lightbox-gallery-1"><img width="150" height="150" src="https://lacamporena.it/wp-content/uploads/2014/07/saletta-degustazione-cantina-150x150.jpg" class="attachment-thumbnail size-thumbnail" alt="Sala degustazioni Agriturismo Anna" decoding="async" loading="lazy" srcset="https://lacamporena.it/wp-content/uploads/2014/07/saletta-degustazione-cantina-150x150.jpg 150w, https://lacamporena.it/wp-content/uploads/2014/07/saletta-degustazione-cantina-157x157.jpg 157w, https://lacamporena.it/wp-content/uploads/2014/07/saletta-degustazione-cantina-400x400.jpg 400w" sizes="(max-width: 150px) 100vw, 150px" /></a>
			</dt></dl><br style="clear: both" />
		</div>

<p>Alle unsere Räumlichkeiten stehen unseren Gästen zu Verfügung. Bleiben Sie an kalten oder regnerischen Tagen doch einfach im Saal des Restaurants, dort, wo wir morgens das Frühstuck servieren. Rund um die Theke im Restaurant finden Sie zwei bequeme Sofas, in diesem Bereich können Sie lesen, schreiben oder chatten &#8211; der Raum verfügt über wi-fi-Zugang.</p>
