{"id":1993,"date":"2014-07-01T16:53:42","date_gmt":"2014-07-01T14:53:42","guid":{"rendered":"http:\/\/www.lacamporena.it\/?page_id=1993"},"modified":"2014-08-08T14:25:15","modified_gmt":"2014-08-08T12:25:15","slug":"piscina","status":"publish","type":"page","link":"https:\/\/lacamporena.it\/?page_id=1993","title":{"rendered":"Piscina."},"content":{"rendered":"<h1>Piscina nel Chianti? Vieni all&#8217;agriturismo La Camporena. <\/h1>\n<p>In pieno Chianti, a pochi passi da ogni <a href=\"https:\/\/lacamporena.it\/?page_id=2764\">camera<\/a>, la <strong><a href=https:\/\/lacamporena.it\/?page_id=1993>piscina dell\u2019agriturismo La Camporena<\/a><\/strong>, si presenta come un&#8217;<strong>oasi nel verde<\/strong>, confinante con i <strong>suggestivi campi di ulivi<\/strong>.<\/p>\n<p>\nSe stai pianificando un soggiorno nel cuore della Toscana, una delle esperienze pi\u00f9 appaganti \u00e8 quella di scegliere una <b>piscina<\/b> immersa tra le colline del <b>Chianti<\/b>. Questa regione, celebre per i suoi vini e i suoi paesaggi pittoreschi, offre un connubio ideale tra natura e comfort, soprattutto quando si opta per una struttura come un <b>agriturismo<\/b>. Le <b>piscine<\/b> in quest\u2019area non sono solo spazi di svago, ma diventano veri e propri elementi di connessione con l\u2019<b>ambiente<\/b>. In molti casi, si tratta di piscine panoramiche a sfioro, <b>circondate da ulivi<\/b>, da cui \u00e8 possibile ammirare la campagna toscana senza interruzioni visive. Queste sistemazioni si trovano spesso <b>vicino Greve in Chianti<\/b>, localit\u00e0 simbolo della regione, facilmente raggiungibile ma al contempo immersa nella quiete. Il contesto paesaggistico amplifica la percezione di benessere, grazie a un&#8217;architettura rurale che dialoga con la natura. In un mondo sempre pi\u00f9 dominato da esperienze artificiali, una vacanza con <b>piscine<\/b> nel <b>Chianti<\/b> rappresenta un ritorno all\u2019autenticit\u00e0. \u00c8 anche un\u2019occasione per vivere un turismo sostenibile, dove ogni scelta \u00e8 orientata alla valorizzazione dell\u2019<b>ambiente<\/b> e delle tradizioni locali, tra relax e cultura.\n<\/p>\n<h2>Perch\u00e9 una piscina in Agriturismo<\/h2>\n<p>\nSoggiornare in un <b>agriturismo<\/b> nel <b>Chianti<\/b> <a href=\"https:\/\/lacamporena.it\/\"><strong>con piscina<\/strong><\/a> rappresenta una delle soluzioni pi\u00f9 apprezzate per chi desidera un&#8217;esperienza autentica e rigenerante. Rispetto a un hotel tradizionale, un <b>agriturismo<\/b> offre un <b>ambiente meno asettico<\/b>, pi\u00f9 caldo, accogliente e in sintonia con il territorio. Le strutture agrituristiche spesso sorgono in edifici storici restaurati con cura e sono <b>circondati dal verde<\/b>, offrendo un&#8217;atmosfera <b>romantico<\/b> e silenziosa. Il contesto naturale contribuisce a un soggiorno <b>rilassante<\/b>, dove \u00e8 possibile distendere corpo e mente, anche solo contemplando le colline punteggiate da cipressi e vigneti. Una <b>piscina<\/b> inserita in questo tipo di contesto amplifica la sensazione di benessere, offrendo ristoro nelle giornate pi\u00f9 calde e uno spazio ideale per momenti di pace. Alcuni agriturismi offrono anche servizi completi, tra cui un <b>ristorante<\/b> dove gustare specialit\u00e0 locali, spesso preparate con ingredienti a km zero. In questo modo, ogni pasto diventa parte integrante dell\u2019esperienza, rafforzando il legame con il territorio. Trovarsi <b>nel verde<\/b>, immersi nel paesaggio toscano, aiuta a sentirsi veramente <b>rilassati<\/b>, lontani dai ritmi frenetici della vita urbana. L\u2019<b>agriturismo<\/b> con piscina nel <b>Chianti<\/b> \u00e8 dunque molto pi\u00f9 di un alloggio: \u00e8 un modo di vivere il viaggio con lentezza, consapevolezza e piacere.\n<\/p>\n\n\t\t<style type=\"text\/css\">\n\t\t\t#gallery-1 {\n\t\t\t\tmargin: auto;\n\t\t\t}\n\t\t\t#gallery-1 .gallery-item {\n\t\t\t\tfloat: left;\n\t\t\t\tmargin-top: 10px;\n\t\t\t\ttext-align: center;\n\t\t\t\twidth: 33%;\n\t\t\t}\n\t\t\t#gallery-1 img {\n\t\t\t\tborder: 2px solid #cfcfcf;\n\t\t\t}\n\t\t\t#gallery-1 .gallery-caption {\n\t\t\t\tmargin-left: 0;\n\t\t\t}\n\t\t\t\/* see gallery_shortcode() in wp-includes\/media.php *\/\n\t\t<\/style>\n\t\t<div id='gallery-1' class='gallery galleryid-1993 gallery-columns-3 gallery-size-thumbnail'><dl class='gallery-item'>\n\t\t\t<dt class='gallery-icon landscape'>\n\t\t\t\t<a href='https:\/\/lacamporena.it\/wp-content\/uploads\/2014\/07\/piscina-nel-verde-del-chianti.jpg' title=\"\" data-rl_title=\"\" class=\"rl-gallery-link\" data-rl_caption=\"\" data-rel=\"lightbox-gallery-1\"><img width=\"150\" height=\"150\" src=\"https:\/\/lacamporena.it\/wp-content\/uploads\/2014\/07\/piscina-nel-verde-del-chianti-150x150.jpg\" class=\"attachment-thumbnail size-thumbnail\" alt=\"Piscina nel verde del Chianti\" decoding=\"async\" loading=\"lazy\" srcset=\"https:\/\/lacamporena.it\/wp-content\/uploads\/2014\/07\/piscina-nel-verde-del-chianti-150x150.jpg 150w, https:\/\/lacamporena.it\/wp-content\/uploads\/2014\/07\/piscina-nel-verde-del-chianti-157x157.jpg 157w, https:\/\/lacamporena.it\/wp-content\/uploads\/2014\/07\/piscina-nel-verde-del-chianti-400x400.jpg 400w\" sizes=\"(max-width: 150px) 100vw, 150px\" \/><\/a>\n\t\t\t<\/dt><\/dl><dl class='gallery-item'>\n\t\t\t<dt class='gallery-icon landscape'>\n\t\t\t\t<a href='https:\/\/lacamporena.it\/wp-content\/uploads\/2014\/07\/piscina-agristurismo-nel-chianti.jpg' title=\"\" data-rl_title=\"\" class=\"rl-gallery-link\" data-rl_caption=\"\" data-rel=\"lightbox-gallery-1\"><img width=\"150\" height=\"150\" src=\"https:\/\/lacamporena.it\/wp-content\/uploads\/2014\/07\/piscina-agristurismo-nel-chianti-150x150.jpg\" class=\"attachment-thumbnail size-thumbnail\" alt=\"Agriturismo con piscina nel Chianti Toscana\" decoding=\"async\" loading=\"lazy\" srcset=\"https:\/\/lacamporena.it\/wp-content\/uploads\/2014\/07\/piscina-agristurismo-nel-chianti-150x150.jpg 150w, https:\/\/lacamporena.it\/wp-content\/uploads\/2014\/07\/piscina-agristurismo-nel-chianti-157x157.jpg 157w, https:\/\/lacamporena.it\/wp-content\/uploads\/2014\/07\/piscina-agristurismo-nel-chianti-400x400.jpg 400w\" sizes=\"(max-width: 150px) 100vw, 150px\" \/><\/a>\n\t\t\t<\/dt><\/dl><dl class='gallery-item'>\n\t\t\t<dt class='gallery-icon landscape'>\n\t\t\t\t<a href='https:\/\/lacamporena.it\/wp-content\/uploads\/2014\/07\/aperitivo-a-bordo-piscina.jpg' title=\"\" data-rl_title=\"\" class=\"rl-gallery-link\" data-rl_caption=\"\" data-rel=\"lightbox-gallery-1\"><img width=\"150\" height=\"150\" src=\"https:\/\/lacamporena.it\/wp-content\/uploads\/2014\/07\/aperitivo-a-bordo-piscina-150x150.jpg\" class=\"attachment-thumbnail size-thumbnail\" alt=\"Piscina Agriturismo Anna\" decoding=\"async\" loading=\"lazy\" srcset=\"https:\/\/lacamporena.it\/wp-content\/uploads\/2014\/07\/aperitivo-a-bordo-piscina-150x150.jpg 150w, https:\/\/lacamporena.it\/wp-content\/uploads\/2014\/07\/aperitivo-a-bordo-piscina-157x157.jpg 157w, https:\/\/lacamporena.it\/wp-content\/uploads\/2014\/07\/aperitivo-a-bordo-piscina-400x400.jpg 400w\" sizes=\"(max-width: 150px) 100vw, 150px\" \/><\/a>\n\t\t\t<\/dt><\/dl><br style=\"clear: both\" \/><dl class='gallery-item'>\n\t\t\t<dt class='gallery-icon landscape'>\n\t\t\t\t<a href='https:\/\/lacamporena.it\/wp-content\/uploads\/2014\/07\/Agriturismo-vista-dalla-piscina.jpg' title=\"\" data-rl_title=\"\" class=\"rl-gallery-link\" data-rl_caption=\"\" data-rel=\"lightbox-gallery-1\"><img width=\"150\" height=\"150\" src=\"https:\/\/lacamporena.it\/wp-content\/uploads\/2014\/07\/Agriturismo-vista-dalla-piscina-150x150.jpg\" class=\"attachment-thumbnail size-thumbnail\" alt=\"Agriturismo con piscina in Toscana\" decoding=\"async\" loading=\"lazy\" srcset=\"https:\/\/lacamporena.it\/wp-content\/uploads\/2014\/07\/Agriturismo-vista-dalla-piscina-150x150.jpg 150w, https:\/\/lacamporena.it\/wp-content\/uploads\/2014\/07\/Agriturismo-vista-dalla-piscina-50x50.jpg 50w, https:\/\/lacamporena.it\/wp-content\/uploads\/2014\/07\/Agriturismo-vista-dalla-piscina-90x90.jpg 90w, https:\/\/lacamporena.it\/wp-content\/uploads\/2014\/07\/Agriturismo-vista-dalla-piscina-300x300.jpg 300w\" sizes=\"(max-width: 150px) 100vw, 150px\" \/><\/a>\n\t\t\t<\/dt><\/dl><dl class='gallery-item'>\n\t\t\t<dt class='gallery-icon landscape'>\n\t\t\t\t<a href='https:\/\/lacamporena.it\/wp-content\/uploads\/2014\/07\/piscina-nel-verde-degli-ulivi1.jpg' title=\"\" data-rl_title=\"\" class=\"rl-gallery-link\" data-rl_caption=\"\" data-rel=\"lightbox-gallery-1\"><img width=\"150\" height=\"150\" src=\"https:\/\/lacamporena.it\/wp-content\/uploads\/2014\/07\/piscina-nel-verde-degli-ulivi1-150x150.jpg\" class=\"attachment-thumbnail size-thumbnail\" alt=\"Agriturismo con piscina nel Chianti vicino Firenze\" decoding=\"async\" loading=\"lazy\" srcset=\"https:\/\/lacamporena.it\/wp-content\/uploads\/2014\/07\/piscina-nel-verde-degli-ulivi1-150x150.jpg 150w, https:\/\/lacamporena.it\/wp-content\/uploads\/2014\/07\/piscina-nel-verde-degli-ulivi1-50x50.jpg 50w, https:\/\/lacamporena.it\/wp-content\/uploads\/2014\/07\/piscina-nel-verde-degli-ulivi1-90x90.jpg 90w, https:\/\/lacamporena.it\/wp-content\/uploads\/2014\/07\/piscina-nel-verde-degli-ulivi1-300x300.jpg 300w\" sizes=\"(max-width: 150px) 100vw, 150px\" \/><\/a>\n\t\t\t<\/dt><\/dl><dl class='gallery-item'>\n\t\t\t<dt class='gallery-icon portrait'>\n\t\t\t\t<a href='https:\/\/lacamporena.it\/wp-content\/uploads\/2014\/07\/piscina-con-vista-sul-chianti1.jpg' title=\"\" data-rl_title=\"\" class=\"rl-gallery-link\" data-rl_caption=\"\" data-rel=\"lightbox-gallery-1\"><img width=\"150\" height=\"150\" src=\"https:\/\/lacamporena.it\/wp-content\/uploads\/2014\/07\/piscina-con-vista-sul-chianti1-150x150.jpg\" class=\"attachment-thumbnail size-thumbnail\" alt=\"Piscina con panorama sulla campagna del Chianti\" decoding=\"async\" loading=\"lazy\" srcset=\"https:\/\/lacamporena.it\/wp-content\/uploads\/2014\/07\/piscina-con-vista-sul-chianti1-150x150.jpg 150w, https:\/\/lacamporena.it\/wp-content\/uploads\/2014\/07\/piscina-con-vista-sul-chianti1-50x50.jpg 50w, https:\/\/lacamporena.it\/wp-content\/uploads\/2014\/07\/piscina-con-vista-sul-chianti1-90x90.jpg 90w, https:\/\/lacamporena.it\/wp-content\/uploads\/2014\/07\/piscina-con-vista-sul-chianti1-300x300.jpg 300w\" sizes=\"(max-width: 150px) 100vw, 150px\" \/><\/a>\n\t\t\t<\/dt><\/dl><br style=\"clear: both\" \/><dl class='gallery-item'>\n\t\t\t<dt class='gallery-icon portrait'>\n\t\t\t\t<a href='https:\/\/lacamporena.it\/wp-content\/uploads\/2014\/07\/servizio-luonge-bar-in-piscina.jpg' title=\"\" data-rl_title=\"\" class=\"rl-gallery-link\" data-rl_caption=\"\" data-rel=\"lightbox-gallery-1\"><img width=\"150\" height=\"150\" src=\"https:\/\/lacamporena.it\/wp-content\/uploads\/2014\/07\/servizio-luonge-bar-in-piscina-150x150.jpg\" class=\"attachment-thumbnail size-thumbnail\" alt=\"Agriturismo con servizio lounge bar in piscina\" decoding=\"async\" loading=\"lazy\" srcset=\"https:\/\/lacamporena.it\/wp-content\/uploads\/2014\/07\/servizio-luonge-bar-in-piscina-150x150.jpg 150w, https:\/\/lacamporena.it\/wp-content\/uploads\/2014\/07\/servizio-luonge-bar-in-piscina-157x157.jpg 157w, https:\/\/lacamporena.it\/wp-content\/uploads\/2014\/07\/servizio-luonge-bar-in-piscina-400x400.jpg 400w\" sizes=\"(max-width: 150px) 100vw, 150px\" \/><\/a>\n\t\t\t<\/dt><\/dl><dl class='gallery-item'>\n\t\t\t<dt class='gallery-icon landscape'>\n\t\t\t\t<a href='https:\/\/lacamporena.it\/wp-content\/uploads\/2014\/07\/servizio-bar-in-piscina.jpg' title=\"\" data-rl_title=\"\" class=\"rl-gallery-link\" data-rl_caption=\"\" data-rel=\"lightbox-gallery-1\"><img width=\"150\" height=\"150\" src=\"https:\/\/lacamporena.it\/wp-content\/uploads\/2014\/07\/servizio-bar-in-piscina-150x150.jpg\" class=\"attachment-thumbnail size-thumbnail\" alt=\"Aperitivo a bordo piscina - Agriturismo Anna\" decoding=\"async\" loading=\"lazy\" srcset=\"https:\/\/lacamporena.it\/wp-content\/uploads\/2014\/07\/servizio-bar-in-piscina-150x150.jpg 150w, https:\/\/lacamporena.it\/wp-content\/uploads\/2014\/07\/servizio-bar-in-piscina-157x157.jpg 157w, https:\/\/lacamporena.it\/wp-content\/uploads\/2014\/07\/servizio-bar-in-piscina-400x400.jpg 400w\" sizes=\"(max-width: 150px) 100vw, 150px\" \/><\/a>\n\t\t\t<\/dt><\/dl><dl class='gallery-item'>\n\t\t\t<dt class='gallery-icon landscape'>\n\t\t\t\t<a href='https:\/\/lacamporena.it\/wp-content\/uploads\/2014\/07\/SLIDE_piscina-agriturismo-anna-dettagli.jpg' title=\"\" data-rl_title=\"\" class=\"rl-gallery-link\" data-rl_caption=\"\" data-rel=\"lightbox-gallery-1\"><img width=\"150\" height=\"150\" src=\"https:\/\/lacamporena.it\/wp-content\/uploads\/2014\/07\/SLIDE_piscina-agriturismo-anna-dettagli-150x150.jpg\" class=\"attachment-thumbnail size-thumbnail\" alt=\"Agriturismo con piscina a Greve in Chianti\" decoding=\"async\" loading=\"lazy\" srcset=\"https:\/\/lacamporena.it\/wp-content\/uploads\/2014\/07\/SLIDE_piscina-agriturismo-anna-dettagli-150x150.jpg 150w, https:\/\/lacamporena.it\/wp-content\/uploads\/2014\/07\/SLIDE_piscina-agriturismo-anna-dettagli-50x50.jpg 50w, https:\/\/lacamporena.it\/wp-content\/uploads\/2014\/07\/SLIDE_piscina-agriturismo-anna-dettagli-90x90.jpg 90w, https:\/\/lacamporena.it\/wp-content\/uploads\/2014\/07\/SLIDE_piscina-agriturismo-anna-dettagli-300x300.jpg 300w\" sizes=\"(max-width: 150px) 100vw, 150px\" \/><\/a>\n\t\t\t<\/dt><\/dl><br style=\"clear: both\" \/>\n\t\t<\/div>\n\n","protected":false},"excerpt":{"rendered":"<p>Piscina nel Chianti? Vieni all&#8217;agriturismo La Camporena. In pieno Chianti, a pochi passi da ogni camera, la piscina dell\u2019agriturismo La Camporena, si presenta come un&#8217;oasi nel verde, confinante con i suggestivi campi di ulivi. Se stai pianificando un soggiorno nel cuore della Toscana, una delle esperienze pi\u00f9 appaganti \u00e8 quella di scegliere una piscina immersa [&hellip;]<\/p>\n","protected":false},"author":12,"featured_media":2061,"parent":1976,"menu_order":0,"comment_status":"open","ping_status":"open","template":"","meta":{"_expiration-date-status":"saved","_expiration-date":0,"_expiration-date-type":"","_expiration-date-categories":[],"_expiration-date-options":[]},"categories":[],"tags":[],"_links":{"self":[{"href":"https:\/\/lacamporena.it\/index.php?rest_route=\/wp\/v2\/pages\/1993"}],"collection":[{"href":"https:\/\/lacamporena.it\/index.php?rest_route=\/wp\/v2\/pages"}],"about":[{"href":"https:\/\/lacamporena.it\/index.php?rest_route=\/wp\/v2\/types\/page"}],"author":[{"embeddable":true,"href":"https:\/\/lacamporena.it\/index.php?rest_route=\/wp\/v2\/users\/12"}],"replies":[{"embeddable":true,"href":"https:\/\/lacamporena.it\/index.php?rest_route=%2Fwp%2Fv2%2Fcomments&post=1993"}],"version-history":[{"count":0,"href":"https:\/\/lacamporena.it\/index.php?rest_route=\/wp\/v2\/pages\/1993\/revisions"}],"up":[{"embeddable":true,"href":"https:\/\/lacamporena.it\/index.php?rest_route=\/wp\/v2\/pages\/1976"}],"wp:featuredmedia":[{"embeddable":true,"href":"https:\/\/lacamporena.it\/index.php?rest_route=\/wp\/v2\/media\/2061"}],"wp:attachment":[{"href":"https:\/\/lacamporena.it\/index.php?rest_route=%2Fwp%2Fv2%2Fmedia&parent=1993"}],"wp:term":[{"taxonomy":"category","embeddable":true,"href":"https:\/\/lacamporena.it\/index.php?rest_route=%2Fwp%2Fv2%2Fcategories&post=1993"},{"taxonomy":"post_tag","embeddable":true,"href":"https:\/\/lacamporena.it\/index.php?rest_route=%2Fwp%2Fv2%2Ftags&post=1993"}],"curies":[{"name":"wp","href":"https:\/\/api.w.org\/{rel}","templated":true}]}}