{"id":1990,"date":"2014-07-01T16:31:32","date_gmt":"2014-07-01T14:31:32","guid":{"rendered":"http:\/\/www.lacamporena.it\/agriturismo\/servizi\/"},"modified":"2014-09-24T23:01:27","modified_gmt":"2014-09-24T21:01:27","slug":"serviceundaktivitaeten","status":"publish","type":"page","link":"https:\/\/lacamporena.it\/?page_id=1990","title":{"rendered":"Service und Aktivit\u00e4ten"},"content":{"rendered":"<p><b>Herrichten der Zimmer<\/b><br \/>\nJeden Tag zwischen 9 und 12 richten wir das Zimmer her und reinigen das Bad. Zweimal pro Woche, bei Bedarf oder auf besondere Anfrage auch\u00a0\u00f6fter, legen wir neue Handt\u00fccher aus, die Bettw\u00e4sche wechseln wir w\u00f6chentlich. Im Bad halten wir Duschcreme, Shampoo und Seife f\u00fcr Sie bereit.<\/p>\n<p><strong>Internet<\/strong><br \/>\nInternet-Zugang ist m\u00f6glich. Das Wi-Fi ist kostenlos!<br \/>\nBesuchen Sie uns doch auf unseren Seiten in den Internet-Netzwerken, posten sie Fotos, kommentieren und bewerten Sie Ihren Aufenthalt bei uns!<\/p>\n<p><b>Tiere gern gesehen<\/b><br \/>\nWir lieben Tiere aller Rassen, Arten und Gr\u00f6\u03b2e, daher sind bei uns immer willkommen, ohne zus\u00e4ztliche Kosten f\u00fcr Sie. Wir bitten Sie nur, uns bei der Reservierung mitzuteilen, dass Sie sich zusammen mit Ihrem vierbeinigen Freund im Zimmer aufhalten m\u00f6chten.<\/p>\n<p><b>Fahrr\u00e4dar und Scooter<\/b><br \/>\nWenn Sie gern mit dem Fahrrad unterwegs sind, wenden Sie sich bitte an den offiziellen Fahrradverleih in Greve in Chianti. Dort k\u00f6nnen Sie auch Scooter und Vespas ausleihen.<\/p>\n<p><b>Reiterhof<\/b><br \/>\nIn der N\u00e4he unseres Agriturismo liegt ein wundersch\u00f6ner Reiterhof, der Ausfl\u00fcge zu Pferd anbietet sowohl f\u00fcr erfahrene Reiter als auch f\u00fcr Anf\u00e4nger. Ein Ausritt in die Weinberge des Chianti ist unbedingt zu emphelen.<\/p>\n<p><b>Ballonfahrt<\/b><\/p>\n<p>Wer die Toskana von oben erleben m\u00f6chte, f\u00fcr den bietet der Agriturismo Anna den Kontakt zu einem Verein, der Ballonfahrten\u00a0\u00fcber die herrliche Landschaft des Chianti durchf\u00fchrt.<\/p>\n<p><strong>Parkplatz<\/strong><br \/>\nDer kostenlose Parkplatz auf dem Gel\u00e4nde des Agriturismo ist unbewacht, aber auch keiner besonderen Gefahr ausgesetzt. Dennoche raten wir, das Auto verschlossen zu halten.<\/p>\n\n\t\t<style type=\"text\/css\">\n\t\t\t#gallery-1 {\n\t\t\t\tmargin: auto;\n\t\t\t}\n\t\t\t#gallery-1 .gallery-item {\n\t\t\t\tfloat: left;\n\t\t\t\tmargin-top: 10px;\n\t\t\t\ttext-align: center;\n\t\t\t\twidth: 33%;\n\t\t\t}\n\t\t\t#gallery-1 img {\n\t\t\t\tborder: 2px solid #cfcfcf;\n\t\t\t}\n\t\t\t#gallery-1 .gallery-caption {\n\t\t\t\tmargin-left: 0;\n\t\t\t}\n\t\t\t\/* see gallery_shortcode() in wp-includes\/media.php *\/\n\t\t<\/style>\n\t\t<div id='gallery-1' class='gallery galleryid-1990 gallery-columns-3 gallery-size-thumbnail'><dl class='gallery-item'>\n\t\t\t<dt class='gallery-icon landscape'>\n\t\t\t\t<a href='https:\/\/lacamporena.it\/wp-content\/uploads\/2014\/07\/amici-dell-agriturismo-anna.jpg' title=\"\" data-rl_title=\"\" class=\"rl-gallery-link\" data-rl_caption=\"\" data-rel=\"lightbox-gallery-1\"><img width=\"150\" height=\"150\" src=\"https:\/\/lacamporena.it\/wp-content\/uploads\/2014\/07\/amici-dell-agriturismo-anna-150x150.jpg\" class=\"attachment-thumbnail size-thumbnail\" alt=\"Agriturismo petfriendly nel Chianti\" decoding=\"async\" loading=\"lazy\" srcset=\"https:\/\/lacamporena.it\/wp-content\/uploads\/2014\/07\/amici-dell-agriturismo-anna-150x150.jpg 150w, https:\/\/lacamporena.it\/wp-content\/uploads\/2014\/07\/amici-dell-agriturismo-anna-157x157.jpg 157w, https:\/\/lacamporena.it\/wp-content\/uploads\/2014\/07\/amici-dell-agriturismo-anna-400x400.jpg 400w\" sizes=\"(max-width: 150px) 100vw, 150px\" \/><\/a>\n\t\t\t<\/dt><\/dl><dl class='gallery-item'>\n\t\t\t<dt class='gallery-icon landscape'>\n\t\t\t\t<a href='https:\/\/lacamporena.it\/wp-content\/uploads\/2014\/07\/particolare-camera-matrimoniale.jpg' title=\"\" data-rl_title=\"\" class=\"rl-gallery-link\" data-rl_caption=\"\" data-rel=\"lightbox-gallery-1\"><img width=\"150\" height=\"150\" src=\"https:\/\/lacamporena.it\/wp-content\/uploads\/2014\/07\/particolare-camera-matrimoniale-150x150.jpg\" class=\"attachment-thumbnail size-thumbnail\" alt=\"Camera Classic Agriturismo Anna\" decoding=\"async\" loading=\"lazy\" srcset=\"https:\/\/lacamporena.it\/wp-content\/uploads\/2014\/07\/particolare-camera-matrimoniale-150x150.jpg 150w, https:\/\/lacamporena.it\/wp-content\/uploads\/2014\/07\/particolare-camera-matrimoniale-157x157.jpg 157w, https:\/\/lacamporena.it\/wp-content\/uploads\/2014\/07\/particolare-camera-matrimoniale-400x400.jpg 400w\" sizes=\"(max-width: 150px) 100vw, 150px\" \/><\/a>\n\t\t\t<\/dt><\/dl><dl class='gallery-item'>\n\t\t\t<dt class='gallery-icon landscape'>\n\t\t\t\t<a href='https:\/\/lacamporena.it\/wp-content\/uploads\/2014\/07\/mongolfiera-in-toscana.jpg' title=\"\" data-rl_title=\"\" class=\"rl-gallery-link\" data-rl_caption=\"\" data-rel=\"lightbox-gallery-1\"><img width=\"150\" height=\"150\" src=\"https:\/\/lacamporena.it\/wp-content\/uploads\/2014\/07\/mongolfiera-in-toscana-150x150.jpg\" class=\"attachment-thumbnail size-thumbnail\" alt=\"Gite in mongolfiera in Toscana\" decoding=\"async\" loading=\"lazy\" srcset=\"https:\/\/lacamporena.it\/wp-content\/uploads\/2014\/07\/mongolfiera-in-toscana-150x150.jpg 150w, https:\/\/lacamporena.it\/wp-content\/uploads\/2014\/07\/mongolfiera-in-toscana-157x157.jpg 157w, https:\/\/lacamporena.it\/wp-content\/uploads\/2014\/07\/mongolfiera-in-toscana-400x400.jpg 400w\" sizes=\"(max-width: 150px) 100vw, 150px\" \/><\/a>\n\t\t\t<\/dt><\/dl><br style=\"clear: both\" \/><dl class='gallery-item'>\n\t\t\t<dt class='gallery-icon landscape'>\n\t\t\t\t<a href='https:\/\/lacamporena.it\/wp-content\/uploads\/2014\/07\/servizi-petfriendly.jpg' title=\"\" data-rl_title=\"\" class=\"rl-gallery-link\" data-rl_caption=\"\" data-rel=\"lightbox-gallery-1\"><img width=\"150\" height=\"150\" src=\"https:\/\/lacamporena.it\/wp-content\/uploads\/2014\/07\/servizi-petfriendly-150x150.jpg\" class=\"attachment-thumbnail size-thumbnail\" alt=\"Agriturismo animali ammessi in Toscana\" decoding=\"async\" loading=\"lazy\" srcset=\"https:\/\/lacamporena.it\/wp-content\/uploads\/2014\/07\/servizi-petfriendly-150x150.jpg 150w, https:\/\/lacamporena.it\/wp-content\/uploads\/2014\/07\/servizi-petfriendly-157x157.jpg 157w, https:\/\/lacamporena.it\/wp-content\/uploads\/2014\/07\/servizi-petfriendly-400x400.jpg 400w\" sizes=\"(max-width: 150px) 100vw, 150px\" \/><\/a>\n\t\t\t<\/dt><\/dl><dl class='gallery-item'>\n\t\t\t<dt class='gallery-icon landscape'>\n\t\t\t\t<a href='https:\/\/lacamporena.it\/wp-content\/uploads\/2014\/07\/passeggiate-a-cavallo-nel-chianti.jpg' title=\"\" data-rl_title=\"\" class=\"rl-gallery-link\" data-rl_caption=\"\" data-rel=\"lightbox-gallery-1\"><img width=\"150\" height=\"150\" src=\"https:\/\/lacamporena.it\/wp-content\/uploads\/2014\/07\/passeggiate-a-cavallo-nel-chianti-150x150.jpg\" class=\"attachment-thumbnail size-thumbnail\" alt=\"Passeggiate a cavallo nel Chianti\" decoding=\"async\" loading=\"lazy\" srcset=\"https:\/\/lacamporena.it\/wp-content\/uploads\/2014\/07\/passeggiate-a-cavallo-nel-chianti-150x150.jpg 150w, https:\/\/lacamporena.it\/wp-content\/uploads\/2014\/07\/passeggiate-a-cavallo-nel-chianti-157x157.jpg 157w, https:\/\/lacamporena.it\/wp-content\/uploads\/2014\/07\/passeggiate-a-cavallo-nel-chianti-400x400.jpg 400w\" sizes=\"(max-width: 150px) 100vw, 150px\" \/><\/a>\n\t\t\t<\/dt><\/dl><dl class='gallery-item'>\n\t\t\t<dt class='gallery-icon landscape'>\n\t\t\t\t<a href='https:\/\/lacamporena.it\/wp-content\/uploads\/2014\/07\/SLIDE_il-candore-delle-camere-agriturismo-anna.jpg' title=\"\" data-rl_title=\"\" class=\"rl-gallery-link\" data-rl_caption=\"\" data-rel=\"lightbox-gallery-1\"><img width=\"150\" height=\"150\" src=\"https:\/\/lacamporena.it\/wp-content\/uploads\/2014\/07\/SLIDE_il-candore-delle-camere-agriturismo-anna-150x150.jpg\" class=\"attachment-thumbnail size-thumbnail\" alt=\"Agriturismo Anna Camera doppia Classic\" decoding=\"async\" loading=\"lazy\" srcset=\"https:\/\/lacamporena.it\/wp-content\/uploads\/2014\/07\/SLIDE_il-candore-delle-camere-agriturismo-anna-150x150.jpg 150w, https:\/\/lacamporena.it\/wp-content\/uploads\/2014\/07\/SLIDE_il-candore-delle-camere-agriturismo-anna-50x50.jpg 50w, https:\/\/lacamporena.it\/wp-content\/uploads\/2014\/07\/SLIDE_il-candore-delle-camere-agriturismo-anna-90x90.jpg 90w, https:\/\/lacamporena.it\/wp-content\/uploads\/2014\/07\/SLIDE_il-candore-delle-camere-agriturismo-anna-300x300.jpg 300w\" sizes=\"(max-width: 150px) 100vw, 150px\" \/><\/a>\n\t\t\t<\/dt><\/dl><br style=\"clear: both\" \/>\n\t\t<\/div>\n\n<p>&nbsp;<\/p>\n<p>&nbsp;<\/p>\n<p style=\"text-align: justify;\">\n","protected":false},"excerpt":{"rendered":"<p>Herrichten der Zimmer Jeden Tag zwischen 9 und 12 richten wir das Zimmer her und reinigen das Bad. Zweimal pro Woche, bei Bedarf oder auf besondere Anfrage auch\u00a0\u00f6fter, legen wir neue Handt\u00fccher aus, die Bettw\u00e4sche wechseln wir w\u00f6chentlich. Im Bad halten wir Duschcreme, Shampoo und Seife f\u00fcr Sie bereit. Internet Internet-Zugang ist m\u00f6glich. Das Wi-Fi [&hellip;]<\/p>\n","protected":false},"author":12,"featured_media":3700,"parent":1982,"menu_order":0,"comment_status":"open","ping_status":"open","template":"","meta":{"_expiration-date-status":"saved","_expiration-date":0,"_expiration-date-type":"","_expiration-date-categories":[],"_expiration-date-options":[]},"categories":[],"tags":[],"_links":{"self":[{"href":"https:\/\/lacamporena.it\/index.php?rest_route=\/wp\/v2\/pages\/1990"}],"collection":[{"href":"https:\/\/lacamporena.it\/index.php?rest_route=\/wp\/v2\/pages"}],"about":[{"href":"https:\/\/lacamporena.it\/index.php?rest_route=\/wp\/v2\/types\/page"}],"author":[{"embeddable":true,"href":"https:\/\/lacamporena.it\/index.php?rest_route=\/wp\/v2\/users\/12"}],"replies":[{"embeddable":true,"href":"https:\/\/lacamporena.it\/index.php?rest_route=%2Fwp%2Fv2%2Fcomments&post=1990"}],"version-history":[{"count":0,"href":"https:\/\/lacamporena.it\/index.php?rest_route=\/wp\/v2\/pages\/1990\/revisions"}],"up":[{"embeddable":true,"href":"https:\/\/lacamporena.it\/index.php?rest_route=\/wp\/v2\/pages\/1982"}],"wp:featuredmedia":[{"embeddable":true,"href":"https:\/\/lacamporena.it\/index.php?rest_route=\/wp\/v2\/media\/3700"}],"wp:attachment":[{"href":"https:\/\/lacamporena.it\/index.php?rest_route=%2Fwp%2Fv2%2Fmedia&parent=1990"}],"wp:term":[{"taxonomy":"category","embeddable":true,"href":"https:\/\/lacamporena.it\/index.php?rest_route=%2Fwp%2Fv2%2Fcategories&post=1990"},{"taxonomy":"post_tag","embeddable":true,"href":"https:\/\/lacamporena.it\/index.php?rest_route=%2Fwp%2Fv2%2Ftags&post=1990"}],"curies":[{"name":"wp","href":"https:\/\/api.w.org\/{rel}","templated":true}]}}