{"id":1984,"date":"2014-07-01T15:41:00","date_gmt":"2014-07-01T13:41:00","guid":{"rendered":"http:\/\/www.lacamporena.it\/agriturismo\/azienda-agricola\/"},"modified":"2019-07-18T14:40:30","modified_gmt":"2019-07-18T12:40:30","slug":"weingut","status":"publish","type":"page","link":"https:\/\/lacamporena.it\/?page_id=1984","title":{"rendered":"Weingut"},"content":{"rendered":"<p style=\"text-align: justify;\">Unser Weingut, <strong>La Camporena<\/strong>, befindet sich mitten im Gebiet des Chianti Classico D.O.C.G. Sangiovese-Trauben sind die beliebteste Rebsorte f\u00fcr unseren hervorragenden\u00a0<strong>Chianti Classico,\u00a0<\/strong>ebenso f\u00fcr unseren feinen Rosso Toscano I.G.T.<br \/>\nAus den Trester der Chianti Classico Trauben gewinnen wir einen Grappa von intensivem und leicht fruchtigem Geschmack .<br \/>\nZu unserer Produkten geh\u00f6ren auch \u00a0das<b>\u00a0Oliven\u00f6l<\/b>\u00a0<strong>Extra Vergine<\/strong> und das\u00a0<strong>Oliven\u00f6l Extra Vergine Chianti classico DOP<\/strong> \u00a0.<br \/>\nSeit 2010 produzieren wir absolut naturnah, und tats\u00e4chlich sind unsere Erzeugnisse nach den Vorschriften der <strong>biologischen Landwirtschaft<\/strong> zertifiziert.<\/p>\n<p style=\"text-align: justify;\">Eine\u00a0<strong>Weinf\u00fchrung <\/strong>bietet\u00a0die M\u00f6glichkeit, das Bioweingut kennenzulernen. Der Besuch auf dem Weingut beginnt im Keller und ender in den Weinbergen, wo ich selbst sechs Jahre lang mit voller Leidenschaft und Begeisterung gearbeitet habe. Ich wollte wirklich vertsehen und jede Kleinigkeit kennen, die den Chianti Classico zum bekanntesten Wein weltweit macht.\u00a0Auf unserem Gang durch das Weingut h\u00f6ren Sie mich sicher sagen: \u201c<em>Der Wein wird nicht aus gepre\u03b2ten Trauben und\u00a0stammt nicht aus dem Keller<\/em>\u201d.<br \/>\nZu jeder einzelnen Flasche Wein geh\u00f6rt eine Geschichte, <b>eine Liebesgeschichte<\/b>, eine Geschichte der Leidenschaft, der Pflege, und manchmal des Hoffens und Baggens, da ein vollst\u00e4ndigens Jahr der Arbeit und M\u00fche auf dem Spiel stehen kann. \u00a0Die Flasche, die Sie verkosten, wird so nicht zu einem einfachen Wein, sondern zu einer \u00a0Erz\u00e4hlung der Natur, die in zauberhafter Weise die besten Fr\u00fcchte jedes und die vorz\u00fcglilichsten Duftnoten schenkt, jedes Jahr wieder und jeder Jahr neu und anders.<\/p>\n<p style=\"text-align: justify;\">Wenn Sie an unserem Weingut und unserer Produkte interessiert sind , kommen Sie doch einfach zu uns in unserem<\/p>\n\n\t\t<style type=\"text\/css\">\n\t\t\t#gallery-1 {\n\t\t\t\tmargin: auto;\n\t\t\t}\n\t\t\t#gallery-1 .gallery-item {\n\t\t\t\tfloat: left;\n\t\t\t\tmargin-top: 10px;\n\t\t\t\ttext-align: center;\n\t\t\t\twidth: 33%;\n\t\t\t}\n\t\t\t#gallery-1 img {\n\t\t\t\tborder: 2px solid #cfcfcf;\n\t\t\t}\n\t\t\t#gallery-1 .gallery-caption {\n\t\t\t\tmargin-left: 0;\n\t\t\t}\n\t\t\t\/* see gallery_shortcode() in wp-includes\/media.php *\/\n\t\t<\/style>\n\t\t<div id='gallery-1' class='gallery galleryid-1984 gallery-columns-3 gallery-size-thumbnail'><dl class='gallery-item'>\n\t\t\t<dt class='gallery-icon landscape'>\n\t\t\t\t<a href='https:\/\/lacamporena.it\/wp-content\/uploads\/2014\/07\/azienda-agricola-la-nostra-uva.jpg' title=\"\" data-rl_title=\"\" class=\"rl-gallery-link\" data-rl_caption=\"\" data-rel=\"lightbox-gallery-1\"><img width=\"150\" height=\"150\" src=\"https:\/\/lacamporena.it\/wp-content\/uploads\/2014\/07\/azienda-agricola-la-nostra-uva-150x150.jpg\" class=\"attachment-thumbnail size-thumbnail\" alt=\"Azienda agricola biologica nel Chianti\" decoding=\"async\" loading=\"lazy\" srcset=\"https:\/\/lacamporena.it\/wp-content\/uploads\/2014\/07\/azienda-agricola-la-nostra-uva-150x150.jpg 150w, https:\/\/lacamporena.it\/wp-content\/uploads\/2014\/07\/azienda-agricola-la-nostra-uva-157x157.jpg 157w, https:\/\/lacamporena.it\/wp-content\/uploads\/2014\/07\/azienda-agricola-la-nostra-uva-400x400.jpg 400w\" sizes=\"(max-width: 150px) 100vw, 150px\" \/><\/a>\n\t\t\t<\/dt><\/dl><dl class='gallery-item'>\n\t\t\t<dt class='gallery-icon landscape'>\n\t\t\t\t<a href='https:\/\/lacamporena.it\/wp-content\/uploads\/2014\/07\/botti-azienda-agricola-lacamporena.jpg' title=\"\" data-rl_title=\"\" class=\"rl-gallery-link\" data-rl_caption=\"\" data-rel=\"lightbox-gallery-1\"><img width=\"150\" height=\"150\" src=\"https:\/\/lacamporena.it\/wp-content\/uploads\/2014\/07\/botti-azienda-agricola-lacamporena-150x150.jpg\" class=\"attachment-thumbnail size-thumbnail\" alt=\"Agriturismo con azienda agricola nel Chianti\" decoding=\"async\" loading=\"lazy\" srcset=\"https:\/\/lacamporena.it\/wp-content\/uploads\/2014\/07\/botti-azienda-agricola-lacamporena-150x150.jpg 150w, https:\/\/lacamporena.it\/wp-content\/uploads\/2014\/07\/botti-azienda-agricola-lacamporena-157x157.jpg 157w, https:\/\/lacamporena.it\/wp-content\/uploads\/2014\/07\/botti-azienda-agricola-lacamporena-400x400.jpg 400w\" sizes=\"(max-width: 150px) 100vw, 150px\" \/><\/a>\n\t\t\t<\/dt><\/dl><dl class='gallery-item'>\n\t\t\t<dt class='gallery-icon landscape'>\n\t\t\t\t<a href='https:\/\/lacamporena.it\/wp-content\/uploads\/2014\/07\/azienda-agricola-la-camporena.jpg' title=\"\" data-rl_title=\"\" class=\"rl-gallery-link\" data-rl_caption=\"\" data-rel=\"lightbox-gallery-1\"><img width=\"150\" height=\"150\" src=\"https:\/\/lacamporena.it\/wp-content\/uploads\/2014\/07\/azienda-agricola-la-camporena-150x150.jpg\" class=\"attachment-thumbnail size-thumbnail\" alt=\"Azienda agricola La Camporena\" decoding=\"async\" loading=\"lazy\" srcset=\"https:\/\/lacamporena.it\/wp-content\/uploads\/2014\/07\/azienda-agricola-la-camporena-150x150.jpg 150w, https:\/\/lacamporena.it\/wp-content\/uploads\/2014\/07\/azienda-agricola-la-camporena-157x157.jpg 157w, https:\/\/lacamporena.it\/wp-content\/uploads\/2014\/07\/azienda-agricola-la-camporena-400x400.jpg 400w\" sizes=\"(max-width: 150px) 100vw, 150px\" \/><\/a>\n\t\t\t<\/dt><\/dl><br style=\"clear: both\" \/><dl class='gallery-item'>\n\t\t\t<dt class='gallery-icon landscape'>\n\t\t\t\t<a href='https:\/\/lacamporena.it\/wp-content\/uploads\/2014\/07\/saletta-degustazione-cantina.jpg' title=\"\" data-rl_title=\"\" class=\"rl-gallery-link\" data-rl_caption=\"\" data-rel=\"lightbox-gallery-1\"><img width=\"150\" height=\"150\" src=\"https:\/\/lacamporena.it\/wp-content\/uploads\/2014\/07\/saletta-degustazione-cantina-150x150.jpg\" class=\"attachment-thumbnail size-thumbnail\" alt=\"Sala degustazioni Agriturismo Anna\" decoding=\"async\" loading=\"lazy\" srcset=\"https:\/\/lacamporena.it\/wp-content\/uploads\/2014\/07\/saletta-degustazione-cantina-150x150.jpg 150w, https:\/\/lacamporena.it\/wp-content\/uploads\/2014\/07\/saletta-degustazione-cantina-157x157.jpg 157w, https:\/\/lacamporena.it\/wp-content\/uploads\/2014\/07\/saletta-degustazione-cantina-400x400.jpg 400w\" sizes=\"(max-width: 150px) 100vw, 150px\" \/><\/a>\n\t\t\t<\/dt><\/dl><dl class='gallery-item'>\n\t\t\t<dt class='gallery-icon landscape'>\n\t\t\t\t<a href='https:\/\/lacamporena.it\/wp-content\/uploads\/2014\/07\/dettaglio-saletta-degustazioni.jpg' title=\"\" data-rl_title=\"\" class=\"rl-gallery-link\" data-rl_caption=\"\" data-rel=\"lightbox-gallery-1\"><img width=\"150\" height=\"150\" src=\"https:\/\/lacamporena.it\/wp-content\/uploads\/2014\/07\/dettaglio-saletta-degustazioni-150x150.jpg\" class=\"attachment-thumbnail size-thumbnail\" alt=\"Dettaglio saletta degustazioni\" decoding=\"async\" loading=\"lazy\" srcset=\"https:\/\/lacamporena.it\/wp-content\/uploads\/2014\/07\/dettaglio-saletta-degustazioni-150x150.jpg 150w, https:\/\/lacamporena.it\/wp-content\/uploads\/2014\/07\/dettaglio-saletta-degustazioni-157x157.jpg 157w, https:\/\/lacamporena.it\/wp-content\/uploads\/2014\/07\/dettaglio-saletta-degustazioni-400x400.jpg 400w\" sizes=\"(max-width: 150px) 100vw, 150px\" \/><\/a>\n\t\t\t<\/dt><\/dl><dl class='gallery-item'>\n\t\t\t<dt class='gallery-icon landscape'>\n\t\t\t\t<a href='https:\/\/lacamporena.it\/wp-content\/uploads\/2014\/07\/degustazioni-chianti-classico-la-camporena.jpg' title=\"\" data-rl_title=\"\" class=\"rl-gallery-link\" data-rl_caption=\"\" data-rel=\"lightbox-gallery-1\"><img width=\"150\" height=\"150\" src=\"https:\/\/lacamporena.it\/wp-content\/uploads\/2014\/07\/degustazioni-chianti-classico-la-camporena-150x150.jpg\" class=\"attachment-thumbnail size-thumbnail\" alt=\"Degustazioni vino Chianti Classico\" decoding=\"async\" loading=\"lazy\" srcset=\"https:\/\/lacamporena.it\/wp-content\/uploads\/2014\/07\/degustazioni-chianti-classico-la-camporena-150x150.jpg 150w, https:\/\/lacamporena.it\/wp-content\/uploads\/2014\/07\/degustazioni-chianti-classico-la-camporena-157x157.jpg 157w, https:\/\/lacamporena.it\/wp-content\/uploads\/2014\/07\/degustazioni-chianti-classico-la-camporena-400x400.jpg 400w\" sizes=\"(max-width: 150px) 100vw, 150px\" \/><\/a>\n\t\t\t<\/dt><\/dl><br style=\"clear: both\" \/><dl class='gallery-item'>\n\t\t\t<dt class='gallery-icon landscape'>\n\t\t\t\t<a href='https:\/\/lacamporena.it\/wp-content\/uploads\/2014\/07\/degustazioni-in-cantina.jpg' title=\"\" data-rl_title=\"\" class=\"rl-gallery-link\" data-rl_caption=\"\" data-rel=\"lightbox-gallery-1\"><img width=\"150\" height=\"150\" src=\"https:\/\/lacamporena.it\/wp-content\/uploads\/2014\/07\/degustazioni-in-cantina-150x150.jpg\" class=\"attachment-thumbnail size-thumbnail\" alt=\"Degustazioni nel Chianti\" decoding=\"async\" loading=\"lazy\" srcset=\"https:\/\/lacamporena.it\/wp-content\/uploads\/2014\/07\/degustazioni-in-cantina-150x150.jpg 150w, https:\/\/lacamporena.it\/wp-content\/uploads\/2014\/07\/degustazioni-in-cantina-157x157.jpg 157w, https:\/\/lacamporena.it\/wp-content\/uploads\/2014\/07\/degustazioni-in-cantina-400x400.jpg 400w\" sizes=\"(max-width: 150px) 100vw, 150px\" \/><\/a>\n\t\t\t<\/dt><\/dl><dl class='gallery-item'>\n\t\t\t<dt class='gallery-icon landscape'>\n\t\t\t\t<a href='https:\/\/lacamporena.it\/wp-content\/uploads\/2014\/07\/botti-vino-chianti.jpg' title=\"\" data-rl_title=\"\" class=\"rl-gallery-link\" data-rl_caption=\"\" data-rel=\"lightbox-gallery-1\"><img width=\"150\" height=\"150\" src=\"https:\/\/lacamporena.it\/wp-content\/uploads\/2014\/07\/botti-vino-chianti-150x150.jpg\" class=\"attachment-thumbnail size-thumbnail\" alt=\"Cantina azienda agricola nel Chianti\" decoding=\"async\" loading=\"lazy\" srcset=\"https:\/\/lacamporena.it\/wp-content\/uploads\/2014\/07\/botti-vino-chianti-150x150.jpg 150w, https:\/\/lacamporena.it\/wp-content\/uploads\/2014\/07\/botti-vino-chianti-157x157.jpg 157w, https:\/\/lacamporena.it\/wp-content\/uploads\/2014\/07\/botti-vino-chianti-400x400.jpg 400w\" sizes=\"(max-width: 150px) 100vw, 150px\" \/><\/a>\n\t\t\t<\/dt><\/dl><dl class='gallery-item'>\n\t\t\t<dt class='gallery-icon landscape'>\n\t\t\t\t<a href='https:\/\/lacamporena.it\/wp-content\/uploads\/2014\/07\/Agriturismo-anna-vista-uliveta1.jpg' title=\"\" data-rl_title=\"\" class=\"rl-gallery-link\" data-rl_caption=\"\" data-rel=\"lightbox-gallery-1\"><img width=\"150\" height=\"150\" src=\"https:\/\/lacamporena.it\/wp-content\/uploads\/2014\/07\/Agriturismo-anna-vista-uliveta1-150x150.jpg\" class=\"attachment-thumbnail size-thumbnail\" alt=\"Agriturismo in Chianti con vista panoramica\" decoding=\"async\" loading=\"lazy\" srcset=\"https:\/\/lacamporena.it\/wp-content\/uploads\/2014\/07\/Agriturismo-anna-vista-uliveta1-150x150.jpg 150w, https:\/\/lacamporena.it\/wp-content\/uploads\/2014\/07\/Agriturismo-anna-vista-uliveta1-50x50.jpg 50w, https:\/\/lacamporena.it\/wp-content\/uploads\/2014\/07\/Agriturismo-anna-vista-uliveta1-90x90.jpg 90w, https:\/\/lacamporena.it\/wp-content\/uploads\/2014\/07\/Agriturismo-anna-vista-uliveta1-300x300.jpg 300w\" sizes=\"(max-width: 150px) 100vw, 150px\" \/><\/a>\n\t\t\t<\/dt><\/dl><br style=\"clear: both\" \/>\n\t\t<\/div>\n\n","protected":false},"excerpt":{"rendered":"<p>Unser Weingut, La Camporena, befindet sich mitten im Gebiet des Chianti Classico D.O.C.G. Sangiovese-Trauben sind die beliebteste Rebsorte f\u00fcr unseren hervorragenden\u00a0Chianti Classico,\u00a0ebenso f\u00fcr unseren feinen Rosso Toscano I.G.T. Aus den Trester der Chianti Classico Trauben gewinnen wir einen Grappa von intensivem und leicht fruchtigem Geschmack . Zu unserer Produkten geh\u00f6ren auch \u00a0das\u00a0Oliven\u00f6l\u00a0Extra Vergine und das\u00a0Oliven\u00f6l [&hellip;]<\/p>\n","protected":false},"author":12,"featured_media":3895,"parent":1982,"menu_order":0,"comment_status":"open","ping_status":"open","template":"","meta":{"_expiration-date-status":"saved","_expiration-date":0,"_expiration-date-type":"","_expiration-date-categories":[],"_expiration-date-options":[]},"categories":[],"tags":[],"_links":{"self":[{"href":"https:\/\/lacamporena.it\/index.php?rest_route=\/wp\/v2\/pages\/1984"}],"collection":[{"href":"https:\/\/lacamporena.it\/index.php?rest_route=\/wp\/v2\/pages"}],"about":[{"href":"https:\/\/lacamporena.it\/index.php?rest_route=\/wp\/v2\/types\/page"}],"author":[{"embeddable":true,"href":"https:\/\/lacamporena.it\/index.php?rest_route=\/wp\/v2\/users\/12"}],"replies":[{"embeddable":true,"href":"https:\/\/lacamporena.it\/index.php?rest_route=%2Fwp%2Fv2%2Fcomments&post=1984"}],"version-history":[{"count":3,"href":"https:\/\/lacamporena.it\/index.php?rest_route=\/wp\/v2\/pages\/1984\/revisions"}],"predecessor-version":[{"id":5133,"href":"https:\/\/lacamporena.it\/index.php?rest_route=\/wp\/v2\/pages\/1984\/revisions\/5133"}],"up":[{"embeddable":true,"href":"https:\/\/lacamporena.it\/index.php?rest_route=\/wp\/v2\/pages\/1982"}],"wp:featuredmedia":[{"embeddable":true,"href":"https:\/\/lacamporena.it\/index.php?rest_route=\/wp\/v2\/media\/3895"}],"wp:attachment":[{"href":"https:\/\/lacamporena.it\/index.php?rest_route=%2Fwp%2Fv2%2Fmedia&parent=1984"}],"wp:term":[{"taxonomy":"category","embeddable":true,"href":"https:\/\/lacamporena.it\/index.php?rest_route=%2Fwp%2Fv2%2Fcategories&post=1984"},{"taxonomy":"post_tag","embeddable":true,"href":"https:\/\/lacamporena.it\/index.php?rest_route=%2Fwp%2Fv2%2Ftags&post=1984"}],"curies":[{"name":"wp","href":"https:\/\/api.w.org\/{rel}","templated":true}]}}